{"id":1363,"date":"2017-03-20T18:52:13","date_gmt":"2017-03-20T21:52:13","guid":{"rendered":"http:\/\/www.oroverde.com.ar\/web\/?page_id=1363"},"modified":"2024-05-07T09:12:33","modified_gmt":"2024-05-07T12:12:33","slug":"ferreteria-la-solucion","status":"publish","type":"page","link":"https:\/\/www.oroverde.com.ar\/web\/ferreteria-la-solucion\/","title":{"rendered":"Ferreter\u00eda La Soluci\u00f3n"},"content":{"rendered":"\n<div class=\"wp-block-columns is-layout-flex wp-container-core-columns-is-layout-9d6595d7 wp-block-columns-is-layout-flex\">\n<div class=\"wp-block-column is-layout-flow wp-block-column-is-layout-flow\">\n<figure class=\"wp-block-image size-full\"><img fetchpriority=\"high\" decoding=\"async\" width=\"828\" height=\"1280\" src=\"https:\/\/www.oroverde.com.ar\/web\/wp-content\/uploads\/2024\/05\/lasolucino.jpg\" alt=\"\" class=\"wp-image-627798\" srcset=\"https:\/\/www.oroverde.com.ar\/web\/wp-content\/uploads\/2024\/05\/lasolucino.jpg 828w, https:\/\/www.oroverde.com.ar\/web\/wp-content\/uploads\/2024\/05\/lasolucino-194x300.jpg 194w, https:\/\/www.oroverde.com.ar\/web\/wp-content\/uploads\/2024\/05\/lasolucino-662x1024.jpg 662w, https:\/\/www.oroverde.com.ar\/web\/wp-content\/uploads\/2024\/05\/lasolucino-97x150.jpg 97w, https:\/\/www.oroverde.com.ar\/web\/wp-content\/uploads\/2024\/05\/lasolucino-768x1187.jpg 768w\" sizes=\"(max-width: 828px) 100vw, 828px\" \/><\/figure>\n<\/div>\n\n\n\n<div class=\"wp-block-column is-layout-flow wp-block-column-is-layout-flow\">\n<p><strong>Nuestros productos<\/strong><\/p>\n\n\n\n<ul class=\"wp-block-list\">\n<li>Electricidad<\/li>\n\n\n\n<li>Refrigeraci\u00f3n<\/li>\n\n\n\n<li>Herramientas el\u00e9ctricas, manuales y a explosi\u00f3n.<\/li>\n\n\n\n<li>Art\u00edculos de limpieza<\/li>\n\n\n\n<li>Buloner\u00eda<\/li>\n\n\n\n<li>Gas<\/li>\n\n\n\n<li>Pegamentos<\/li>\n\n\n\n<li>Pesca<\/li>\n\n\n\n<li>Camping<\/li>\n\n\n\n<li>Jardiner\u00eda<\/li>\n\n\n\n<li>Bazar<\/li>\n\n\n\n<li>Seguridad Industrial<\/li>\n\n\n\n<li>Servicios para el hogar<\/li>\n\n\n\n<li>y mucho m\u00e1s.<\/li>\n<\/ul>\n<\/div>\n<\/div>\n\n\n\n<h1 class=\"wp-block-heading has-text-align-center\"><\/h1>\n\n\n\n<h1 class=\"wp-block-heading\">Recibimos tarjetas de d\u00e9bito y cr\u00e9dito<\/h1>\n\n\n\n<figure class=\"wp-block-image size-large\"><img decoding=\"async\" width=\"1024\" height=\"768\" src=\"https:\/\/www.oroverde.com.ar\/web\/wp-content\/uploads\/2024\/02\/IMG-20240212-WA0005-1-1024x768.jpg\" alt=\"\" class=\"wp-image-627408\" srcset=\"https:\/\/www.oroverde.com.ar\/web\/wp-content\/uploads\/2024\/02\/IMG-20240212-WA0005-1-1024x768.jpg 1024w, https:\/\/www.oroverde.com.ar\/web\/wp-content\/uploads\/2024\/02\/IMG-20240212-WA0005-1-300x225.jpg 300w, https:\/\/www.oroverde.com.ar\/web\/wp-content\/uploads\/2024\/02\/IMG-20240212-WA0005-1-150x113.jpg 150w, https:\/\/www.oroverde.com.ar\/web\/wp-content\/uploads\/2024\/02\/IMG-20240212-WA0005-1-768x576.jpg 768w, https:\/\/www.oroverde.com.ar\/web\/wp-content\/uploads\/2024\/02\/IMG-20240212-WA0005-1-1536x1152.jpg 1536w, https:\/\/www.oroverde.com.ar\/web\/wp-content\/uploads\/2024\/02\/IMG-20240212-WA0005-1-1226x920.jpg 1226w, https:\/\/www.oroverde.com.ar\/web\/wp-content\/uploads\/2024\/02\/IMG-20240212-WA0005-1-850x638.jpg 850w, https:\/\/www.oroverde.com.ar\/web\/wp-content\/uploads\/2024\/02\/IMG-20240212-WA0005-1-480x360.jpg 480w, https:\/\/www.oroverde.com.ar\/web\/wp-content\/uploads\/2024\/02\/IMG-20240212-WA0005-1.jpg 1600w\" sizes=\"(max-width: 1024px) 100vw, 1024px\" \/><\/figure>\n\n\n\n<h1 class=\"wp-block-heading has-text-align-center\"><span style=\"color: #ff0000;\">ATENCI\u00d3N<\/span><br>NUEVOS SERVICIOS INTEGRALES PARA EL HOGAR<\/h1>\n\n\n\n<ul class=\"wp-block-list\">\n<li>Reparaci\u00f3n de electrodom\u00e9sticos.<\/li>\n\n\n\n<li>Instalaci\u00f3n de electrodom\u00e9sticos, luminarias&nbsp; y artefactos del hogar.<\/li>\n\n\n\n<li>Reparaci\u00f3n y mantenimiento de instalaciones <span style=\"color: #000000;\">el\u00e9ctricas <\/span>domiciliarias.<\/li>\n<\/ul>\n\n\n\n<h3 class=\"wp-block-heading\"><strong>Presupuestos y asesoramiento sin cargo.<\/strong><\/h3>\n\n\n\n<p class=\"has-text-align-center\"><strong>Horario: de Lunes a S\u00e1bados de 8:00 a 12:30 y de 16:00 a 20:30.&nbsp; Domingos de 8:00 a 12:00 hs.<br><\/strong><\/p>\n\n\n\n<figure class=\"wp-block-image size-full\"><img decoding=\"async\" width=\"720\" height=\"711\" src=\"https:\/\/www.oroverde.com.ar\/web\/wp-content\/uploads\/2024\/02\/IMG-20240212-WA0004.jpg\" alt=\"\" class=\"wp-image-627412\" srcset=\"https:\/\/www.oroverde.com.ar\/web\/wp-content\/uploads\/2024\/02\/IMG-20240212-WA0004.jpg 720w, https:\/\/www.oroverde.com.ar\/web\/wp-content\/uploads\/2024\/02\/IMG-20240212-WA0004-300x296.jpg 300w, https:\/\/www.oroverde.com.ar\/web\/wp-content\/uploads\/2024\/02\/IMG-20240212-WA0004-150x148.jpg 150w, https:\/\/www.oroverde.com.ar\/web\/wp-content\/uploads\/2024\/02\/IMG-20240212-WA0004-100x100.jpg 100w\" sizes=\"(max-width: 720px) 100vw, 720px\" \/><\/figure>\n\n\n\n<p class=\"has-text-align-center\"><span style=\"color: #008000;\"><strong>Av. Los Cisnes 1205 &#8211; Oro Verde &#8211; Entre R\u00edos<\/strong><\/span><br><span style=\"color: #008000;\"><strong>Contacto:&nbsp; 0343-4076844<\/strong><\/span><\/p>\n\n\n<div class=\"wp-block-image\">\n<figure class=\"aligncenter\"><a href=\"https:\/\/www.facebook.com\/La-Solucion-167307846689722\"><img loading=\"lazy\" decoding=\"async\" width=\"150\" height=\"150\" src=\"http:\/\/www.oroverde.com.ar\/web\/wp-content\/uploads\/2017\/03\/facebook-logo-4-150x150.png\" alt=\"\" class=\"wp-image-1377\" srcset=\"https:\/\/www.oroverde.com.ar\/web\/wp-content\/uploads\/2017\/03\/facebook-logo-4-150x150.png 150w, https:\/\/www.oroverde.com.ar\/web\/wp-content\/uploads\/2017\/03\/facebook-logo-4-300x300.png 300w, https:\/\/www.oroverde.com.ar\/web\/wp-content\/uploads\/2017\/03\/facebook-logo-4-768x768.png 768w, https:\/\/www.oroverde.com.ar\/web\/wp-content\/uploads\/2017\/03\/facebook-logo-4-850x850.png 850w, https:\/\/www.oroverde.com.ar\/web\/wp-content\/uploads\/2017\/03\/facebook-logo-4-100x100.png 100w, https:\/\/www.oroverde.com.ar\/web\/wp-content\/uploads\/2017\/03\/facebook-logo-4.png 1024w\" sizes=\"(max-width: 150px) 100vw, 150px\" \/><\/a><\/figure><\/div>\n\n\n<p class=\"has-text-align-center\">\u00a1Seguinos en Facebook!<\/p>\n\n\n\n<p><\/p>\n","protected":false},"excerpt":{"rendered":"<p>Nuestros productos Recibimos tarjetas de d\u00e9bito y cr\u00e9dito ATENCI\u00d3NNUEVOS SERVICIOS INTEGRALES PARA EL HOGAR Presupuestos y asesoramiento sin cargo. Horario: de Lunes a S\u00e1bados de 8:00 a 12:30 y de&#8230;<\/p>\n","protected":false},"author":1,"featured_media":0,"parent":0,"menu_order":0,"comment_status":"closed","ping_status":"closed","template":"","meta":{"_eb_attr":"","footnotes":""},"class_list":["post-1363","page","type-page","status-publish","hentry"],"_links":{"self":[{"href":"https:\/\/www.oroverde.com.ar\/web\/wp-json\/wp\/v2\/pages\/1363","targetHints":{"allow":["GET"]}}],"collection":[{"href":"https:\/\/www.oroverde.com.ar\/web\/wp-json\/wp\/v2\/pages"}],"about":[{"href":"https:\/\/www.oroverde.com.ar\/web\/wp-json\/wp\/v2\/types\/page"}],"author":[{"embeddable":true,"href":"https:\/\/www.oroverde.com.ar\/web\/wp-json\/wp\/v2\/users\/1"}],"replies":[{"embeddable":true,"href":"https:\/\/www.oroverde.com.ar\/web\/wp-json\/wp\/v2\/comments?post=1363"}],"version-history":[{"count":15,"href":"https:\/\/www.oroverde.com.ar\/web\/wp-json\/wp\/v2\/pages\/1363\/revisions"}],"predecessor-version":[{"id":627800,"href":"https:\/\/www.oroverde.com.ar\/web\/wp-json\/wp\/v2\/pages\/1363\/revisions\/627800"}],"wp:attachment":[{"href":"https:\/\/www.oroverde.com.ar\/web\/wp-json\/wp\/v2\/media?parent=1363"}],"curies":[{"name":"wp","href":"https:\/\/api.w.org\/{rel}","templated":true}]}}