{"id":1793,"date":"2017-07-09T12:07:21","date_gmt":"2017-07-09T15:07:21","guid":{"rendered":"http:\/\/www.oroverde.com.ar\/web\/?page_id=1793"},"modified":"2019-09-21T15:45:12","modified_gmt":"2019-09-21T18:45:12","slug":"consultorios-manantiales","status":"publish","type":"page","link":"https:\/\/www.oroverde.com.ar\/web\/consultorios-manantiales\/","title":{"rendered":"Consultorios Manantiales"},"content":{"rendered":"<p style=\"text-align: center;\"><a href=\"http:\/\/www.oroverde.com.ar\/web\/wp-content\/uploads\/2017\/07\/manantiales_encabezado.png\"><img fetchpriority=\"high\" decoding=\"async\" class=\"wp-image-1990 size-full aligncenter\" src=\"http:\/\/www.oroverde.com.ar\/web\/wp-content\/uploads\/2017\/07\/manantiales_encabezado.png\" alt=\"\" width=\"742\" height=\"185\" srcset=\"https:\/\/www.oroverde.com.ar\/web\/wp-content\/uploads\/2017\/07\/manantiales_encabezado.png 742w, https:\/\/www.oroverde.com.ar\/web\/wp-content\/uploads\/2017\/07\/manantiales_encabezado-300x75.png 300w, https:\/\/www.oroverde.com.ar\/web\/wp-content\/uploads\/2017\/07\/manantiales_encabezado-150x37.png 150w\" sizes=\"(max-width: 742px) 100vw, 742px\" \/><\/a>|\u00a0 <a href=\"#Especialidades\">Especialidades<\/a>\u00a0 |\u00a0 <a href=\"#Horarios\">Horarios<\/a>\u00a0 |\u00a0 <a href=\"#Contacto\">Contacto<\/a>\u00a0 |<\/p>\n<p style=\"text-align: center;\"><strong>Direcci\u00f3n: Av. Los Cha\u00f1ares 120, Oro Verde, Entre R\u00edos<\/strong><\/p>\n<h1><a href=\"http:\/\/www.oroverde.com.ar\/web\/wp-content\/uploads\/2017\/07\/IMG_20170420_171147598.jpg\"><img decoding=\"async\" class=\"aligncenter size-large wp-image-2002\" src=\"http:\/\/www.oroverde.com.ar\/web\/wp-content\/uploads\/2017\/07\/IMG_20170420_171147598-1024x576.jpg\" alt=\"\" width=\"530\" height=\"298\" srcset=\"https:\/\/www.oroverde.com.ar\/web\/wp-content\/uploads\/2017\/07\/IMG_20170420_171147598-1024x576.jpg 1024w, https:\/\/www.oroverde.com.ar\/web\/wp-content\/uploads\/2017\/07\/IMG_20170420_171147598-300x169.jpg 300w, https:\/\/www.oroverde.com.ar\/web\/wp-content\/uploads\/2017\/07\/IMG_20170420_171147598-150x84.jpg 150w, https:\/\/www.oroverde.com.ar\/web\/wp-content\/uploads\/2017\/07\/IMG_20170420_171147598-768x432.jpg 768w, https:\/\/www.oroverde.com.ar\/web\/wp-content\/uploads\/2017\/07\/IMG_20170420_171147598-1536x864.jpg 1536w, https:\/\/www.oroverde.com.ar\/web\/wp-content\/uploads\/2017\/07\/IMG_20170420_171147598-2048x1152.jpg 2048w, https:\/\/www.oroverde.com.ar\/web\/wp-content\/uploads\/2017\/07\/IMG_20170420_171147598-1226x690.jpg 1226w, https:\/\/www.oroverde.com.ar\/web\/wp-content\/uploads\/2017\/07\/IMG_20170420_171147598-850x478.jpg 850w\" sizes=\"(max-width: 530px) 100vw, 530px\" \/><\/a> <a href=\"http:\/\/www.oroverde.com.ar\/web\/wp-content\/uploads\/2017\/07\/IMG_20170420_171042581.jpg\"><img decoding=\"async\" class=\"aligncenter wp-image-2006 size-large\" src=\"http:\/\/www.oroverde.com.ar\/web\/wp-content\/uploads\/2017\/07\/IMG_20170420_171042581-1024x576.jpg\" alt=\"\" width=\"530\" height=\"298\" srcset=\"https:\/\/www.oroverde.com.ar\/web\/wp-content\/uploads\/2017\/07\/IMG_20170420_171042581-1024x576.jpg 1024w, https:\/\/www.oroverde.com.ar\/web\/wp-content\/uploads\/2017\/07\/IMG_20170420_171042581-300x169.jpg 300w, https:\/\/www.oroverde.com.ar\/web\/wp-content\/uploads\/2017\/07\/IMG_20170420_171042581-150x84.jpg 150w, https:\/\/www.oroverde.com.ar\/web\/wp-content\/uploads\/2017\/07\/IMG_20170420_171042581-768x432.jpg 768w, https:\/\/www.oroverde.com.ar\/web\/wp-content\/uploads\/2017\/07\/IMG_20170420_171042581-1536x864.jpg 1536w, https:\/\/www.oroverde.com.ar\/web\/wp-content\/uploads\/2017\/07\/IMG_20170420_171042581-2048x1152.jpg 2048w, https:\/\/www.oroverde.com.ar\/web\/wp-content\/uploads\/2017\/07\/IMG_20170420_171042581-1226x690.jpg 1226w, https:\/\/www.oroverde.com.ar\/web\/wp-content\/uploads\/2017\/07\/IMG_20170420_171042581-850x478.jpg 850w\" sizes=\"(max-width: 530px) 100vw, 530px\" \/><\/a><a id=\"Especialidades\"><\/a>Especialidades<\/h1>\n<h2 style=\"text-align: justify;\">Pediatr\u00eda.<\/h2>\n<h4 style=\"text-align: justify;\">Dr. Feltes Iv\u00e1n<\/h4>\n<p style=\"text-align: justify;\">Control y seguimiento del crecimiento del bebe, ni\u00f1o y adolescente. Orientaci\u00f3n a padres en las diferentes etapas de los hijos; como tambi\u00e9n en incapacidades y discapacidades.<\/p>\n<div id='gallery-1' class='gallery galleryid-1793 gallery-columns-3 gallery-size-medium'><figure class='gallery-item'>\n\t\t\t<div class='gallery-icon landscape'>\n\t\t\t\t<a href='https:\/\/www.oroverde.com.ar\/web\/wp-content\/uploads\/2017\/07\/IMG_20170420_171117537-scaled.jpg'><img loading=\"lazy\" decoding=\"async\" width=\"300\" height=\"169\" src=\"https:\/\/www.oroverde.com.ar\/web\/wp-content\/uploads\/2017\/07\/IMG_20170420_171117537-300x169.jpg\" class=\"attachment-medium size-medium\" alt=\"\" srcset=\"https:\/\/www.oroverde.com.ar\/web\/wp-content\/uploads\/2017\/07\/IMG_20170420_171117537-300x169.jpg 300w, https:\/\/www.oroverde.com.ar\/web\/wp-content\/uploads\/2017\/07\/IMG_20170420_171117537-1024x576.jpg 1024w, https:\/\/www.oroverde.com.ar\/web\/wp-content\/uploads\/2017\/07\/IMG_20170420_171117537-150x84.jpg 150w, https:\/\/www.oroverde.com.ar\/web\/wp-content\/uploads\/2017\/07\/IMG_20170420_171117537-768x432.jpg 768w, https:\/\/www.oroverde.com.ar\/web\/wp-content\/uploads\/2017\/07\/IMG_20170420_171117537-1536x864.jpg 1536w, https:\/\/www.oroverde.com.ar\/web\/wp-content\/uploads\/2017\/07\/IMG_20170420_171117537-2048x1152.jpg 2048w, https:\/\/www.oroverde.com.ar\/web\/wp-content\/uploads\/2017\/07\/IMG_20170420_171117537-1226x690.jpg 1226w, https:\/\/www.oroverde.com.ar\/web\/wp-content\/uploads\/2017\/07\/IMG_20170420_171117537-850x478.jpg 850w\" sizes=\"(max-width: 300px) 100vw, 300px\" \/><\/a>\n\t\t\t<\/div><\/figure><figure class='gallery-item'>\n\t\t\t<div class='gallery-icon landscape'>\n\t\t\t\t<a href='https:\/\/www.oroverde.com.ar\/web\/wp-content\/uploads\/2017\/07\/IMG_20170420_171100127-scaled.jpg'><img loading=\"lazy\" decoding=\"async\" width=\"300\" height=\"169\" src=\"https:\/\/www.oroverde.com.ar\/web\/wp-content\/uploads\/2017\/07\/IMG_20170420_171100127-300x169.jpg\" class=\"attachment-medium size-medium\" alt=\"\" srcset=\"https:\/\/www.oroverde.com.ar\/web\/wp-content\/uploads\/2017\/07\/IMG_20170420_171100127-300x169.jpg 300w, https:\/\/www.oroverde.com.ar\/web\/wp-content\/uploads\/2017\/07\/IMG_20170420_171100127-1024x576.jpg 1024w, https:\/\/www.oroverde.com.ar\/web\/wp-content\/uploads\/2017\/07\/IMG_20170420_171100127-150x84.jpg 150w, https:\/\/www.oroverde.com.ar\/web\/wp-content\/uploads\/2017\/07\/IMG_20170420_171100127-768x432.jpg 768w, https:\/\/www.oroverde.com.ar\/web\/wp-content\/uploads\/2017\/07\/IMG_20170420_171100127-1536x864.jpg 1536w, https:\/\/www.oroverde.com.ar\/web\/wp-content\/uploads\/2017\/07\/IMG_20170420_171100127-2048x1152.jpg 2048w, https:\/\/www.oroverde.com.ar\/web\/wp-content\/uploads\/2017\/07\/IMG_20170420_171100127-1226x690.jpg 1226w, https:\/\/www.oroverde.com.ar\/web\/wp-content\/uploads\/2017\/07\/IMG_20170420_171100127-850x478.jpg 850w\" sizes=\"(max-width: 300px) 100vw, 300px\" \/><\/a>\n\t\t\t<\/div><\/figure><figure class='gallery-item'>\n\t\t\t<div class='gallery-icon landscape'>\n\t\t\t\t<a href='https:\/\/www.oroverde.com.ar\/web\/wp-content\/uploads\/2017\/07\/IMG_20170420_171109302-scaled.jpg'><img loading=\"lazy\" decoding=\"async\" width=\"300\" height=\"169\" src=\"https:\/\/www.oroverde.com.ar\/web\/wp-content\/uploads\/2017\/07\/IMG_20170420_171109302-300x169.jpg\" class=\"attachment-medium size-medium\" alt=\"\" srcset=\"https:\/\/www.oroverde.com.ar\/web\/wp-content\/uploads\/2017\/07\/IMG_20170420_171109302-300x169.jpg 300w, https:\/\/www.oroverde.com.ar\/web\/wp-content\/uploads\/2017\/07\/IMG_20170420_171109302-1024x576.jpg 1024w, https:\/\/www.oroverde.com.ar\/web\/wp-content\/uploads\/2017\/07\/IMG_20170420_171109302-150x84.jpg 150w, https:\/\/www.oroverde.com.ar\/web\/wp-content\/uploads\/2017\/07\/IMG_20170420_171109302-768x432.jpg 768w, https:\/\/www.oroverde.com.ar\/web\/wp-content\/uploads\/2017\/07\/IMG_20170420_171109302-1536x864.jpg 1536w, https:\/\/www.oroverde.com.ar\/web\/wp-content\/uploads\/2017\/07\/IMG_20170420_171109302-2048x1152.jpg 2048w, https:\/\/www.oroverde.com.ar\/web\/wp-content\/uploads\/2017\/07\/IMG_20170420_171109302-1226x690.jpg 1226w, https:\/\/www.oroverde.com.ar\/web\/wp-content\/uploads\/2017\/07\/IMG_20170420_171109302-850x478.jpg 850w\" sizes=\"(max-width: 300px) 100vw, 300px\" \/><\/a>\n\t\t\t<\/div><\/figure>\n\t\t<\/div>\n\n<h2 style=\"text-align: justify;\">Medicina General y Familiar:<\/h2>\n<h4 style=\"text-align: justify;\">Dra. Montiel Natalia.<\/h4>\n<p style=\"text-align: justify;\">M\u00e9dica especialista en medicina gest\u00e1ltica, Medica hol\u00edstica, Terapeuta Floral. Facilitadora Gest\u00e1ltica.<\/p>\n<p style=\"text-align: justify;\">Estudio profundo del paciente.<\/p>\n<h2 style=\"text-align: justify;\">Psicolog\u00eda.<\/h2>\n<h4 style=\"text-align: justify;\">Ps. Carboni, Osvaldo<\/h4>\n<p style=\"text-align: justify;\">Psicolog\u00eda cl\u00ednica familiar, Ni\u00f1os, Adolescentes y Adultos.. Terapia de pareja. Espacio de aprendizaje y crecimiento personal a trav\u00e9s de la escucha activa. Terapia Breve poniendo foco en el hoy.<\/p>\n<h1 style=\"text-align: justify;\">Dermatolog\u00eda.<\/h1>\n<h4 style=\"text-align: justify;\">Dra. Gramundi, Fernanda<\/h4>\n<p style=\"text-align: justify;\">Enfermedades de la piel, pelo y u\u00f1as.<\/p>\n<h1 style=\"text-align: justify;\">Otorrinolaringolog\u00eda.<\/h1>\n<h4 style=\"text-align: justify;\">Dra. Bayona, Valeria<\/h4>\n<p style=\"text-align: justify;\">Especialista en nariz, garganta y o\u00eddo.<\/p>\n<h1 style=\"text-align: justify;\">Diagnostico por im\u00e1genes.<\/h1>\n<h4 style=\"text-align: justify;\">Dr. Yanitello, Carlos<\/h4>\n<p style=\"text-align: justify;\">Ecograf\u00edas: Mamaria, Ginecol\u00f3gicas, Tiroides, Testicular, Abdominal, Vesical\/prost\u00e1tica, Renal, Dopp fetal, Trasvaginales, Doppler, Partes blandas,.<\/p>\n<h1 style=\"text-align: justify;\">Cardiolog\u00eda.<\/h1>\n<h4>Dr. Diaz Alderete, Santiago<\/h4>\n<p style=\"text-align: justify;\">La rehabilitaci\u00f3n card\u00edaca es una subespecialidad m\u00e9dica que tiene como objetivo que el paciente alcance un estado de salud \u00f3ptimo para volver total o parcialmente a las actividades previas a su enfermedad.<\/p>\n<p style=\"text-align: justify;\">Se trabaja con un equipo interdisciplinario ( nutricionista, psic\u00f3logos, kinesi\u00f3logo, profesor de actividad f\u00edsica y cardi\u00f3logo).<\/p>\n<p style=\"text-align: justify;\">Se realizan talleres grupales y actividad f\u00edsica acorde a cada persona con el control de la frecuencia card\u00edaca, presi\u00f3n arterial, oxigeno en sangre y monitoreo del ritmo cardiaco.<\/p>\n<p style=\"text-align: justify;\">El tabaquismo es una pandemia y en Argentina mata a 40000 personas por a\u00f1o, muchas de ellas por ser fumadores pasivo. El consumo de cigarrillo de tabaco es causante de las enfermedades que llevan a la muerte.<\/p>\n<p style=\"text-align: justify;\">En Cardiovida ofrecemos un tratamiento para dejar de fumar que consta en atacar los tres niveles de dependencia al tabaco.<\/p>\n<p style=\"text-align: justify;\">La obesidad es una pandemia y es la puerta de entrada de enfermedades como la diabetes, hipertensi\u00f3n arterial, infarto de miocardio, entre otras.<\/p>\n<p style=\"text-align: justify;\">Hay que reconocer esta enfermedad desde etapas tempranas para combatirla<\/p>\n<p style=\"text-align: justify;\">En <strong>CARDIOVIDA<\/strong> ofrecemos un tratamiento para bajar de peso en una forma saludable y perdurable.<\/p>\n<p style=\"text-align: justify;\">Se trabaja con un equipo interdisciplinario (nutricionista, psic\u00f3logos, kinesi\u00f3logo, profesor de actividad f\u00edsica y cardi\u00f3logo).<\/p>\n<p style=\"text-align: justify;\">CARDIOLOGIA CL\u00cdNICA, APTOS FISICOS EN CINTA DESLIZANTE Y BICICLETA, RIESGO CARDIOLOGIA PREOPERATORIO<\/p>\n<h1 style=\"text-align: justify;\">Ginecolog\u00eda y Obstetricia.<\/h1>\n<h4 style=\"text-align: justify;\">Dr. Singh, Sebastian.<\/h4>\n<p style=\"text-align: justify;\">Etapas de la mujer<\/p>\n<p style=\"text-align: justify;\">Adolescentes y adultas.<\/p>\n<p style=\"text-align: justify;\">Embarazo, Trabajo de Parto, Parto y pos Parto.<\/p>\n<p style=\"text-align: justify;\">Trastornos menop\u00e1usicos.<\/p>\n<p style=\"text-align: justify;\">Controles Mamarios y Ginecol\u00f3gicos.<\/p>\n<h1 style=\"text-align: justify;\">Fonoaudiolog\u00eda.<\/h1>\n<h4 style=\"text-align: justify;\">Lic. Valin, Ver\u00f3nica.<\/h4>\n<p style=\"text-align: justify;\">Control de aud\u00edfonos, Estudios: audiometr\u00edas y otomisiones.<\/p>\n<h1>Nutrici\u00f3n<\/h1>\n<h4>Banegas, Soledad<\/h4>\n<p>&nbsp;<\/p>\n<h1 style=\"text-align: justify;\">Traumatolog\u00eda.<\/h1>\n<h4 style=\"text-align: justify;\">Dr. Godoy Adaro, Alfredo.<\/h4>\n<p style=\"text-align: justify;\">Especialista en Traumatolog\u00eda y Ortopedia. Patolog\u00eda de la Columna Vertebral.<\/p>\n<h1 style=\"text-align: justify;\">Yoga.<\/h1>\n<h4 style=\"text-align: justify;\">Instructora Paulino, Maria<\/h4>\n<h4>Moyano, Georgina<\/h4>\n<p>&nbsp;<\/p>\n<p style=\"text-align: justify;\"><a href=\"http:\/\/www.oroverde.com.ar\/web\/wp-content\/uploads\/2017\/07\/yoga.jpg\"><img loading=\"lazy\" decoding=\"async\" class=\"aligncenter size-full wp-image-1993\" src=\"http:\/\/www.oroverde.com.ar\/web\/wp-content\/uploads\/2017\/07\/yoga.jpg\" alt=\"\" width=\"661\" height=\"434\" srcset=\"https:\/\/www.oroverde.com.ar\/web\/wp-content\/uploads\/2017\/07\/yoga.jpg 661w, https:\/\/www.oroverde.com.ar\/web\/wp-content\/uploads\/2017\/07\/yoga-300x197.jpg 300w, https:\/\/www.oroverde.com.ar\/web\/wp-content\/uploads\/2017\/07\/yoga-150x98.jpg 150w\" sizes=\"(max-width: 661px) 100vw, 661px\" \/><\/a><\/p>\n<h1 style=\"text-align: justify;\">Reiki.<\/h1>\n<h4 style=\"text-align: justify;\">Maestros de Reiki:<\/h4>\n<h4 style=\"text-align: justify;\">Martinez, Fabricio<\/h4>\n<h1 style=\"text-align: justify;\"><a href=\"http:\/\/www.oroverde.com.ar\/web\/wp-content\/uploads\/2017\/07\/reiki.jpg\"><img loading=\"lazy\" decoding=\"async\" class=\"aligncenter size-full wp-image-1994\" src=\"http:\/\/www.oroverde.com.ar\/web\/wp-content\/uploads\/2017\/07\/reiki.jpg\" alt=\"\" width=\"854\" height=\"960\" srcset=\"https:\/\/www.oroverde.com.ar\/web\/wp-content\/uploads\/2017\/07\/reiki.jpg 854w, https:\/\/www.oroverde.com.ar\/web\/wp-content\/uploads\/2017\/07\/reiki-300x337.jpg 300w, https:\/\/www.oroverde.com.ar\/web\/wp-content\/uploads\/2017\/07\/reiki-150x169.jpg 150w, https:\/\/www.oroverde.com.ar\/web\/wp-content\/uploads\/2017\/07\/reiki-768x863.jpg 768w, https:\/\/www.oroverde.com.ar\/web\/wp-content\/uploads\/2017\/07\/reiki-850x956.jpg 850w\" sizes=\"(max-width: 854px) 100vw, 854px\" \/><\/a>Talleres y charlas<\/h1>\n<ul>\n<li>Nutricionales<\/li>\n<li>Belleza de la mujer<\/li>\n<li>Meditaci\u00f3n<\/li>\n<li>Orientales para padres<\/li>\n<li>Laborales<\/li>\n<li>Comportamiento en el ni\u00f1o y adolescente.<\/li>\n<li>Otras<\/li>\n<\/ul>\n<p>&nbsp;<\/p>\n<h1 style=\"text-align: justify;\"><a id=\"Horarios\"><\/a>Horarios<\/h1>\n<p>Lunes: de 9:00 a 11:30 hs. y de 16:00 a 20:00 hs.<\/p>\n<p>Martes y Mi\u00e9rcoles: de 16:00 hs. a 20:00 hs.<\/p>\n<p>Jueves y Viernes: de 14:00 a 18:00 hs.<\/p>\n<p>&nbsp;<\/p>\n<h1 style=\"text-align: justify;\"><a id=\"Contacto\"><\/a>Contacto<\/h1>\n<p>Tel\u00e9fono fijo: 0343 4072899<\/p>\n<p>Whatsapp (solo para confirmar o cancelar turnos): +549 343 6235236<\/p>\n<p>Facebook: <a href=\"https:\/\/www.facebook.com\/Consultorios-Interdisciplinarios-Manantiales-1583446715226272\/\" target=\"_blank\" rel=\"noopener noreferrer\">Consultorios Interdisciplinarios Manantiales<\/a><\/p>\n","protected":false},"excerpt":{"rendered":"<p>|\u00a0 Especialidades\u00a0 |\u00a0 Horarios\u00a0 |\u00a0 Contacto\u00a0 | Direcci\u00f3n: Av. Los Cha\u00f1ares 120, Oro Verde, Entre R\u00edos Especialidades Pediatr\u00eda. Dr. Feltes Iv\u00e1n Control y seguimiento del crecimiento del bebe, ni\u00f1o y&#8230;<\/p>\n","protected":false},"author":1,"featured_media":0,"parent":0,"menu_order":0,"comment_status":"closed","ping_status":"closed","template":"template-full-width-page.php","meta":{"_eb_attr":"","footnotes":""},"class_list":["post-1793","page","type-page","status-publish","hentry"],"_links":{"self":[{"href":"https:\/\/www.oroverde.com.ar\/web\/wp-json\/wp\/v2\/pages\/1793","targetHints":{"allow":["GET"]}}],"collection":[{"href":"https:\/\/www.oroverde.com.ar\/web\/wp-json\/wp\/v2\/pages"}],"about":[{"href":"https:\/\/www.oroverde.com.ar\/web\/wp-json\/wp\/v2\/types\/page"}],"author":[{"embeddable":true,"href":"https:\/\/www.oroverde.com.ar\/web\/wp-json\/wp\/v2\/users\/1"}],"replies":[{"embeddable":true,"href":"https:\/\/www.oroverde.com.ar\/web\/wp-json\/wp\/v2\/comments?post=1793"}],"version-history":[{"count":15,"href":"https:\/\/www.oroverde.com.ar\/web\/wp-json\/wp\/v2\/pages\/1793\/revisions"}],"predecessor-version":[{"id":584862,"href":"https:\/\/www.oroverde.com.ar\/web\/wp-json\/wp\/v2\/pages\/1793\/revisions\/584862"}],"wp:attachment":[{"href":"https:\/\/www.oroverde.com.ar\/web\/wp-json\/wp\/v2\/media?parent=1793"}],"curies":[{"name":"wp","href":"https:\/\/api.w.org\/{rel}","templated":true}]}}