{"id":28,"date":"2014-11-29T18:51:24","date_gmt":"2014-11-29T18:51:24","guid":{"rendered":"http:\/\/overde.com.ar\/web\/?page_id=28"},"modified":"2014-11-29T18:56:26","modified_gmt":"2014-11-29T18:56:26","slug":"el-museo-regional","status":"publish","type":"page","link":"https:\/\/www.oroverde.com.ar\/web\/el-museo-regional\/","title":{"rendered":"El Museo Regional"},"content":{"rendered":"<p style=\"text-align: left;\">Con el objetivo de poner en valor la historia y cultura de Oro Verde y la regi\u00f3n, conformada por aldeas y pueblos vecinos, la Municipalidad de esa localidad habilit\u00f3 el Museo Regional Conrado Hasenauer. El edificio est\u00e1 ubicado a metros de los antiguos vagones y del polideportivo. En el lugar se pueden apreciar objetos regionales, entre ellos elementos ferroviarios. El fin de este proyecto es rescatar la historia y cultura de esa localidad.<a href=\"http:\/\/overde.com.ar\/web\/wp-content\/uploads\/2014\/11\/museo29-0513.jpg\"><img fetchpriority=\"high\" decoding=\"async\" class=\"alignleft size-full wp-image-26\" src=\"http:\/\/overde.com.ar\/web\/wp-content\/uploads\/2014\/11\/museo29-0513.jpg\" alt=\"Museo Regional\" width=\"400\" height=\"234\" srcset=\"https:\/\/www.oroverde.com.ar\/web\/wp-content\/uploads\/2014\/11\/museo29-0513.jpg 400w, https:\/\/www.oroverde.com.ar\/web\/wp-content\/uploads\/2014\/11\/museo29-0513-300x176.jpg 300w, https:\/\/www.oroverde.com.ar\/web\/wp-content\/uploads\/2014\/11\/museo29-0513-150x88.jpg 150w\" sizes=\"(max-width: 400px) 100vw, 400px\" \/><\/a><\/p>\n<p>Desde el 29 de mayo de 2011, Oro Verde cuenta con su primer museo regional. Un sue\u00f1o que comenzara en la gesti\u00f3n del recordado Intendente Carlos Del Castillo, quien con visi\u00f3n de futuro adquiri\u00f3 para la comunidad con fondos municipales un hermoso predio frente al polideportivo municipal. Con buen tino, los miembros de la gesti\u00f3n encabezada del Ing. Jos\u00e9 Luis Dum\u00e9, retomaron el viejo proyecto que hoy es una realidad para el disfrute de esta generaci\u00f3n y las venideras.<\/p>\n<p>En 2011, las autoridades municipales inauguraron el Museo Regional \u00abConrado Hasenauer\u00bb, junto al grupo que trabajar\u00e1 en el rescate de la memoria hist\u00f3rica de Oro Verde y llevar\u00e1 adelante el trabajo en el Museo.<\/p>\n<p>El Museo, ubicado en calle Los Tordos fue construido en base a un inmueble que pose\u00eda el Municipio reutilizando el espacio en base a un proyecto del Arq. Fabio Bonell. Tiene varias salas de exposici\u00f3n y oficinas para la administraci\u00f3n.<\/p>\n<p>Ese d\u00eda, instituciones como la Escuela \u00abJuan B. Alberdi\u00bb, la Cooperativa de Agua Potable y la parroquia, junto a vecinos de la localidad presentaron muestras de objetos y fotograf\u00edas que ofrec\u00edan un recorrido por la historia de Oro Verde.<\/p>\n<p>Es importante aclarar que a\u00fan no cuenta con una muestra permanente de objetos, la cual se ir\u00e1 nutriendo a medida que la misma poblaci\u00f3n realice aportes de art\u00edculos valuados por el recuerdo.<\/p>\n","protected":false},"excerpt":{"rendered":"<p>Con el objetivo de poner en valor la historia y cultura de Oro Verde y la regi\u00f3n, conformada por aldeas y pueblos vecinos, la Municipalidad de esa localidad habilit\u00f3 el&#8230;<\/p>\n","protected":false},"author":1,"featured_media":0,"parent":0,"menu_order":0,"comment_status":"open","ping_status":"closed","template":"","meta":{"_eb_attr":"","footnotes":""},"class_list":["post-28","page","type-page","status-publish","hentry"],"_links":{"self":[{"href":"https:\/\/www.oroverde.com.ar\/web\/wp-json\/wp\/v2\/pages\/28","targetHints":{"allow":["GET"]}}],"collection":[{"href":"https:\/\/www.oroverde.com.ar\/web\/wp-json\/wp\/v2\/pages"}],"about":[{"href":"https:\/\/www.oroverde.com.ar\/web\/wp-json\/wp\/v2\/types\/page"}],"author":[{"embeddable":true,"href":"https:\/\/www.oroverde.com.ar\/web\/wp-json\/wp\/v2\/users\/1"}],"replies":[{"embeddable":true,"href":"https:\/\/www.oroverde.com.ar\/web\/wp-json\/wp\/v2\/comments?post=28"}],"version-history":[{"count":2,"href":"https:\/\/www.oroverde.com.ar\/web\/wp-json\/wp\/v2\/pages\/28\/revisions"}],"predecessor-version":[{"id":30,"href":"https:\/\/www.oroverde.com.ar\/web\/wp-json\/wp\/v2\/pages\/28\/revisions\/30"}],"wp:attachment":[{"href":"https:\/\/www.oroverde.com.ar\/web\/wp-json\/wp\/v2\/media?parent=28"}],"curies":[{"name":"wp","href":"https:\/\/api.w.org\/{rel}","templated":true}]}}

<p style="text-align: left;">Con el objetivo de poner en valor la historia y cultura de Oro Verde y la región, conformada por aldeas y pueblos vecinos, la Municipalidad de esa localidad habilitó el Museo Regional Conrado Hasenauer. El edificio está ubicado a metros de los antiguos vagones y del polideportivo. En el lugar se pueden apreciar objetos regionales, entre ellos elementos ferroviarios. El fin de este proyecto es rescatar la historia y cultura de esa localidad.<a href="http://overde.com.ar/web/wp-content/uploads/2014/11/museo29-0513.jpg"><img fetchpriority="high" decoding="async" class="alignleft size-full wp-image-26" src="http://overde.com.ar/web/wp-content/uploads/2014/11/museo29-0513.jpg" alt="Museo Regional" width="400" height="234" srcset="https://www.oroverde.com.ar/web/wp-content/uploads/2014/11/museo29-0513.jpg 400w, https://www.oroverde.com.ar/web/wp-content/uploads/2014/11/museo29-0513-300x176.jpg 300w, https://www.oroverde.com.ar/web/wp-content/uploads/2014/11/museo29-0513-150x88.jpg 150w" sizes="(max-width: 400px) 100vw, 400px" /></a></p>
<p>Desde el 29 de mayo de 2011, Oro Verde cuenta con su primer museo regional. Un sueño que comenzara en la gestión del recordado Intendente Carlos Del Castillo, quien con visión de futuro adquirió para la comunidad con fondos municipales un hermoso predio frente al polideportivo municipal. Con buen tino, los miembros de la gestión encabezada del Ing. José Luis Dumé, retomaron el viejo proyecto que hoy es una realidad para el disfrute de esta generación y las venideras.</p>
<p>En 2011, las autoridades municipales inauguraron el Museo Regional «Conrado Hasenauer», junto al grupo que trabajará en el rescate de la memoria histórica de Oro Verde y llevará adelante el trabajo en el Museo.</p>
<p>El Museo, ubicado en calle Los Tordos fue construido en base a un inmueble que poseía el Municipio reutilizando el espacio en base a un proyecto del Arq. Fabio Bonell. Tiene varias salas de exposición y oficinas para la administración.</p>
<p>Ese día, instituciones como la Escuela «Juan B. Alberdi», la Cooperativa de Agua Potable y la parroquia, junto a vecinos de la localidad presentaron muestras de objetos y fotografías que ofrecían un recorrido por la historia de Oro Verde.</p>
<p>Es importante aclarar que aún no cuenta con una muestra permanente de objetos, la cual se irá nutriendo a medida que la misma población realice aportes de artículos valuados por el recuerdo.</p>

<p>Con el objetivo de poner en valor la historia y cultura de Oro Verde y la región, conformada por aldeas y pueblos vecinos, la Municipalidad de esa localidad habilitó el&#8230;</p>
