{"id":4807,"date":"2017-12-17T13:22:41","date_gmt":"2017-12-17T16:22:41","guid":{"rendered":"http:\/\/www.oroverde.com.ar\/web\/?page_id=4807"},"modified":"2019-09-21T15:44:36","modified_gmt":"2019-09-21T18:44:36","slug":"del-valle-agua-de-mesa","status":"publish","type":"page","link":"https:\/\/www.oroverde.com.ar\/web\/del-valle-agua-de-mesa\/","title":{"rendered":"Del Valle Agua de mesa"},"content":{"rendered":"<p id=\"arriba\" style=\"text-align: center;\"><a href=\"http:\/\/www.oroverde.com.ar\/web\/wp-content\/uploads\/2017\/12\/24173755_544126369287646_1814599773665895544_o.jpg\"><img fetchpriority=\"high\" decoding=\"async\" class=\"aligncenter size-full wp-image-4825\" src=\"http:\/\/www.oroverde.com.ar\/web\/wp-content\/uploads\/2017\/12\/24173755_544126369287646_1814599773665895544_o.jpg\" alt=\"\" width=\"3318\" height=\"1263\" \/><\/a><a href=\"#productos\">Nuestros productos<\/a> | <a href=\"#beneficios\">Beneficios de beber agua<\/a> | <a href=\"#reparto\">Zonas de reparto<\/a> | <a href=\"#contacto\">Contacto<\/a><\/p>\n<hr \/>\n<h1 id=\"productos\">Nuestros productos<\/h1>\n<p>Del Valle Agua de mesa, le ofrece agua microfiltrada y esterilizada tanto para empresas como para el hogar. En envases de policarbonato retornables de 12 y 20 litros y descartables. Adem\u00e1s, amplia l\u00ednea de dispenser.<\/p>\n<p><a href=\"http:\/\/www.oroverde.com.ar\/web\/wp-content\/uploads\/2017\/12\/22886207_530472973986319_8290247797914250461_n.jpg\"><img decoding=\"async\" class=\"aligncenter wp-image-4820 size-full\" src=\"http:\/\/www.oroverde.com.ar\/web\/wp-content\/uploads\/2017\/12\/22886207_530472973986319_8290247797914250461_n.jpg\" alt=\"\" width=\"720\" height=\"478\" srcset=\"https:\/\/www.oroverde.com.ar\/web\/wp-content\/uploads\/2017\/12\/22886207_530472973986319_8290247797914250461_n.jpg 720w, https:\/\/www.oroverde.com.ar\/web\/wp-content\/uploads\/2017\/12\/22886207_530472973986319_8290247797914250461_n-300x199.jpg 300w, https:\/\/www.oroverde.com.ar\/web\/wp-content\/uploads\/2017\/12\/22886207_530472973986319_8290247797914250461_n-150x100.jpg 150w\" sizes=\"(max-width: 720px) 100vw, 720px\" \/><\/a><\/p>\n<div id='gallery-1' class='gallery galleryid-4807 gallery-columns-3 gallery-size-medium'><figure class='gallery-item'>\n\t\t\t<div class='gallery-icon landscape'>\n\t\t\t\t<a href='https:\/\/www.oroverde.com.ar\/web\/wp-content\/uploads\/2017\/12\/22491738_524725367894413_5715961040237014252_n.jpg'><img decoding=\"async\" width=\"300\" height=\"300\" src=\"https:\/\/www.oroverde.com.ar\/web\/wp-content\/uploads\/2017\/12\/22491738_524725367894413_5715961040237014252_n-300x300.jpg\" class=\"attachment-medium size-medium\" alt=\"\" srcset=\"https:\/\/www.oroverde.com.ar\/web\/wp-content\/uploads\/2017\/12\/22491738_524725367894413_5715961040237014252_n-300x300.jpg 300w, https:\/\/www.oroverde.com.ar\/web\/wp-content\/uploads\/2017\/12\/22491738_524725367894413_5715961040237014252_n-150x150.jpg 150w, https:\/\/www.oroverde.com.ar\/web\/wp-content\/uploads\/2017\/12\/22491738_524725367894413_5715961040237014252_n-768x768.jpg 768w, https:\/\/www.oroverde.com.ar\/web\/wp-content\/uploads\/2017\/12\/22491738_524725367894413_5715961040237014252_n-850x850.jpg 850w, https:\/\/www.oroverde.com.ar\/web\/wp-content\/uploads\/2017\/12\/22491738_524725367894413_5715961040237014252_n-100x100.jpg 100w, https:\/\/www.oroverde.com.ar\/web\/wp-content\/uploads\/2017\/12\/22491738_524725367894413_5715961040237014252_n.jpg 960w\" sizes=\"(max-width: 300px) 100vw, 300px\" \/><\/a>\n\t\t\t<\/div><\/figure><figure class='gallery-item'>\n\t\t\t<div class='gallery-icon landscape'>\n\t\t\t\t<a href='https:\/\/www.oroverde.com.ar\/web\/wp-content\/uploads\/2017\/12\/22528305_524725344561082_6446202512619007018_n.jpg'><img loading=\"lazy\" decoding=\"async\" width=\"300\" height=\"300\" src=\"https:\/\/www.oroverde.com.ar\/web\/wp-content\/uploads\/2017\/12\/22528305_524725344561082_6446202512619007018_n-300x300.jpg\" class=\"attachment-medium size-medium\" alt=\"\" srcset=\"https:\/\/www.oroverde.com.ar\/web\/wp-content\/uploads\/2017\/12\/22528305_524725344561082_6446202512619007018_n-300x300.jpg 300w, https:\/\/www.oroverde.com.ar\/web\/wp-content\/uploads\/2017\/12\/22528305_524725344561082_6446202512619007018_n-150x150.jpg 150w, https:\/\/www.oroverde.com.ar\/web\/wp-content\/uploads\/2017\/12\/22528305_524725344561082_6446202512619007018_n-768x768.jpg 768w, https:\/\/www.oroverde.com.ar\/web\/wp-content\/uploads\/2017\/12\/22528305_524725344561082_6446202512619007018_n-850x850.jpg 850w, https:\/\/www.oroverde.com.ar\/web\/wp-content\/uploads\/2017\/12\/22528305_524725344561082_6446202512619007018_n-100x100.jpg 100w, https:\/\/www.oroverde.com.ar\/web\/wp-content\/uploads\/2017\/12\/22528305_524725344561082_6446202512619007018_n.jpg 960w\" sizes=\"(max-width: 300px) 100vw, 300px\" \/><\/a>\n\t\t\t<\/div><\/figure><figure class='gallery-item'>\n\t\t\t<div class='gallery-icon landscape'>\n\t\t\t\t<a href='https:\/\/www.oroverde.com.ar\/web\/wp-content\/uploads\/2017\/12\/22448314_524725297894420_6676203913180426028_n.jpg'><img loading=\"lazy\" decoding=\"async\" width=\"300\" height=\"300\" src=\"https:\/\/www.oroverde.com.ar\/web\/wp-content\/uploads\/2017\/12\/22448314_524725297894420_6676203913180426028_n-300x300.jpg\" class=\"attachment-medium size-medium\" alt=\"\" srcset=\"https:\/\/www.oroverde.com.ar\/web\/wp-content\/uploads\/2017\/12\/22448314_524725297894420_6676203913180426028_n-300x300.jpg 300w, https:\/\/www.oroverde.com.ar\/web\/wp-content\/uploads\/2017\/12\/22448314_524725297894420_6676203913180426028_n-150x150.jpg 150w, https:\/\/www.oroverde.com.ar\/web\/wp-content\/uploads\/2017\/12\/22448314_524725297894420_6676203913180426028_n-768x768.jpg 768w, https:\/\/www.oroverde.com.ar\/web\/wp-content\/uploads\/2017\/12\/22448314_524725297894420_6676203913180426028_n-850x850.jpg 850w, https:\/\/www.oroverde.com.ar\/web\/wp-content\/uploads\/2017\/12\/22448314_524725297894420_6676203913180426028_n-100x100.jpg 100w, https:\/\/www.oroverde.com.ar\/web\/wp-content\/uploads\/2017\/12\/22448314_524725297894420_6676203913180426028_n.jpg 960w\" sizes=\"(max-width: 300px) 100vw, 300px\" \/><\/a>\n\t\t\t<\/div><\/figure><figure class='gallery-item'>\n\t\t\t<div class='gallery-icon landscape'>\n\t\t\t\t<a href='https:\/\/www.oroverde.com.ar\/web\/wp-content\/uploads\/2017\/12\/22491598_524725077894442_2378275139165658289_n.jpg'><img loading=\"lazy\" decoding=\"async\" width=\"300\" height=\"300\" src=\"https:\/\/www.oroverde.com.ar\/web\/wp-content\/uploads\/2017\/12\/22491598_524725077894442_2378275139165658289_n-300x300.jpg\" class=\"attachment-medium size-medium\" alt=\"\" srcset=\"https:\/\/www.oroverde.com.ar\/web\/wp-content\/uploads\/2017\/12\/22491598_524725077894442_2378275139165658289_n-300x300.jpg 300w, https:\/\/www.oroverde.com.ar\/web\/wp-content\/uploads\/2017\/12\/22491598_524725077894442_2378275139165658289_n-150x150.jpg 150w, https:\/\/www.oroverde.com.ar\/web\/wp-content\/uploads\/2017\/12\/22491598_524725077894442_2378275139165658289_n-768x768.jpg 768w, https:\/\/www.oroverde.com.ar\/web\/wp-content\/uploads\/2017\/12\/22491598_524725077894442_2378275139165658289_n-850x850.jpg 850w, https:\/\/www.oroverde.com.ar\/web\/wp-content\/uploads\/2017\/12\/22491598_524725077894442_2378275139165658289_n-100x100.jpg 100w, https:\/\/www.oroverde.com.ar\/web\/wp-content\/uploads\/2017\/12\/22491598_524725077894442_2378275139165658289_n.jpg 960w\" sizes=\"(max-width: 300px) 100vw, 300px\" \/><\/a>\n\t\t\t<\/div><\/figure><figure class='gallery-item'>\n\t\t\t<div class='gallery-icon landscape'>\n\t\t\t\t<a href='https:\/\/www.oroverde.com.ar\/web\/wp-content\/uploads\/2017\/12\/22555189_524724991227784_3582278727043858396_n.png'><img loading=\"lazy\" decoding=\"async\" width=\"300\" height=\"300\" src=\"https:\/\/www.oroverde.com.ar\/web\/wp-content\/uploads\/2017\/12\/22555189_524724991227784_3582278727043858396_n-300x300.png\" class=\"attachment-medium size-medium\" alt=\"\" srcset=\"https:\/\/www.oroverde.com.ar\/web\/wp-content\/uploads\/2017\/12\/22555189_524724991227784_3582278727043858396_n-300x300.png 300w, https:\/\/www.oroverde.com.ar\/web\/wp-content\/uploads\/2017\/12\/22555189_524724991227784_3582278727043858396_n-150x150.png 150w, https:\/\/www.oroverde.com.ar\/web\/wp-content\/uploads\/2017\/12\/22555189_524724991227784_3582278727043858396_n-768x768.png 768w, https:\/\/www.oroverde.com.ar\/web\/wp-content\/uploads\/2017\/12\/22555189_524724991227784_3582278727043858396_n-850x850.png 850w, https:\/\/www.oroverde.com.ar\/web\/wp-content\/uploads\/2017\/12\/22555189_524724991227784_3582278727043858396_n-100x100.png 100w, https:\/\/www.oroverde.com.ar\/web\/wp-content\/uploads\/2017\/12\/22555189_524724991227784_3582278727043858396_n.png 960w\" sizes=\"(max-width: 300px) 100vw, 300px\" \/><\/a>\n\t\t\t<\/div><\/figure>\n\t\t<\/div>\n\n<p style=\"text-align: right;\"><a href=\"#arriba\">^Subir<\/a><\/p>\n<hr \/>\n<h1 id=\"beneficios\">Beneficios de beber agua<\/h1>\n<p style=\"text-align: right;\"><a href=\"http:\/\/www.oroverde.com.ar\/web\/wp-content\/uploads\/2017\/12\/23632596_536854236681526_7882457215264029525_o.png\"><img loading=\"lazy\" decoding=\"async\" class=\"aligncenter size-full wp-image-4821\" src=\"http:\/\/www.oroverde.com.ar\/web\/wp-content\/uploads\/2017\/12\/23632596_536854236681526_7882457215264029525_o.png\" alt=\"\" width=\"2048\" height=\"1359\" srcset=\"https:\/\/www.oroverde.com.ar\/web\/wp-content\/uploads\/2017\/12\/23632596_536854236681526_7882457215264029525_o.png 2048w, https:\/\/www.oroverde.com.ar\/web\/wp-content\/uploads\/2017\/12\/23632596_536854236681526_7882457215264029525_o-300x199.png 300w, https:\/\/www.oroverde.com.ar\/web\/wp-content\/uploads\/2017\/12\/23632596_536854236681526_7882457215264029525_o-1024x680.png 1024w, https:\/\/www.oroverde.com.ar\/web\/wp-content\/uploads\/2017\/12\/23632596_536854236681526_7882457215264029525_o-150x100.png 150w, https:\/\/www.oroverde.com.ar\/web\/wp-content\/uploads\/2017\/12\/23632596_536854236681526_7882457215264029525_o-768x510.png 768w, https:\/\/www.oroverde.com.ar\/web\/wp-content\/uploads\/2017\/12\/23632596_536854236681526_7882457215264029525_o-1536x1019.png 1536w, https:\/\/www.oroverde.com.ar\/web\/wp-content\/uploads\/2017\/12\/23632596_536854236681526_7882457215264029525_o-1226x814.png 1226w, https:\/\/www.oroverde.com.ar\/web\/wp-content\/uploads\/2017\/12\/23632596_536854236681526_7882457215264029525_o-850x564.png 850w\" sizes=\"(max-width: 2048px) 100vw, 2048px\" \/><\/a><a href=\"#arriba\">^Subir<\/a><\/p>\n<hr \/>\n<h1 id=\"reparto\">Zonas de reparto<\/h1>\n<p><a href=\"http:\/\/www.oroverde.com.ar\/web\/wp-content\/uploads\/2017\/12\/IMG_20171215_102952234.jpg\"><img loading=\"lazy\" decoding=\"async\" class=\"aligncenter size-full wp-image-4811\" src=\"http:\/\/www.oroverde.com.ar\/web\/wp-content\/uploads\/2017\/12\/IMG_20171215_102952234.jpg\" alt=\"\" width=\"2672\" height=\"1503\" \/><\/a><\/p>\n<div id='gallery-2' class='gallery galleryid-4807 gallery-columns-3 gallery-size-medium'><figure class='gallery-item'>\n\t\t\t<div class='gallery-icon landscape'>\n\t\t\t\t<a href='https:\/\/www.oroverde.com.ar\/web\/wp-content\/uploads\/2017\/12\/IMG_20171215_103000094-scaled.jpg'><img loading=\"lazy\" decoding=\"async\" width=\"300\" height=\"169\" src=\"https:\/\/www.oroverde.com.ar\/web\/wp-content\/uploads\/2017\/12\/IMG_20171215_103000094-300x169.jpg\" class=\"attachment-medium size-medium\" alt=\"\" srcset=\"https:\/\/www.oroverde.com.ar\/web\/wp-content\/uploads\/2017\/12\/IMG_20171215_103000094-300x169.jpg 300w, https:\/\/www.oroverde.com.ar\/web\/wp-content\/uploads\/2017\/12\/IMG_20171215_103000094-1024x576.jpg 1024w, https:\/\/www.oroverde.com.ar\/web\/wp-content\/uploads\/2017\/12\/IMG_20171215_103000094-150x84.jpg 150w, https:\/\/www.oroverde.com.ar\/web\/wp-content\/uploads\/2017\/12\/IMG_20171215_103000094-768x432.jpg 768w, https:\/\/www.oroverde.com.ar\/web\/wp-content\/uploads\/2017\/12\/IMG_20171215_103000094-1536x864.jpg 1536w, https:\/\/www.oroverde.com.ar\/web\/wp-content\/uploads\/2017\/12\/IMG_20171215_103000094-2048x1152.jpg 2048w, https:\/\/www.oroverde.com.ar\/web\/wp-content\/uploads\/2017\/12\/IMG_20171215_103000094-1226x690.jpg 1226w, https:\/\/www.oroverde.com.ar\/web\/wp-content\/uploads\/2017\/12\/IMG_20171215_103000094-850x478.jpg 850w\" sizes=\"(max-width: 300px) 100vw, 300px\" \/><\/a>\n\t\t\t<\/div><\/figure><figure class='gallery-item'>\n\t\t\t<div class='gallery-icon landscape'>\n\t\t\t\t<a href='https:\/\/www.oroverde.com.ar\/web\/wp-content\/uploads\/2017\/12\/23916302_540678922965724_44196450861656530_o.png'><img loading=\"lazy\" decoding=\"async\" width=\"300\" height=\"300\" src=\"https:\/\/www.oroverde.com.ar\/web\/wp-content\/uploads\/2017\/12\/23916302_540678922965724_44196450861656530_o-300x300.png\" class=\"attachment-medium size-medium\" alt=\"\" srcset=\"https:\/\/www.oroverde.com.ar\/web\/wp-content\/uploads\/2017\/12\/23916302_540678922965724_44196450861656530_o-300x300.png 300w, https:\/\/www.oroverde.com.ar\/web\/wp-content\/uploads\/2017\/12\/23916302_540678922965724_44196450861656530_o-1024x1024.png 1024w, https:\/\/www.oroverde.com.ar\/web\/wp-content\/uploads\/2017\/12\/23916302_540678922965724_44196450861656530_o-150x150.png 150w, https:\/\/www.oroverde.com.ar\/web\/wp-content\/uploads\/2017\/12\/23916302_540678922965724_44196450861656530_o-768x768.png 768w, https:\/\/www.oroverde.com.ar\/web\/wp-content\/uploads\/2017\/12\/23916302_540678922965724_44196450861656530_o-1536x1536.png 1536w, https:\/\/www.oroverde.com.ar\/web\/wp-content\/uploads\/2017\/12\/23916302_540678922965724_44196450861656530_o-1226x1226.png 1226w, https:\/\/www.oroverde.com.ar\/web\/wp-content\/uploads\/2017\/12\/23916302_540678922965724_44196450861656530_o-850x850.png 850w, https:\/\/www.oroverde.com.ar\/web\/wp-content\/uploads\/2017\/12\/23916302_540678922965724_44196450861656530_o-100x100.png 100w, https:\/\/www.oroverde.com.ar\/web\/wp-content\/uploads\/2017\/12\/23916302_540678922965724_44196450861656530_o.png 1710w\" sizes=\"(max-width: 300px) 100vw, 300px\" \/><\/a>\n\t\t\t<\/div><\/figure><figure class='gallery-item'>\n\t\t\t<div class='gallery-icon landscape'>\n\t\t\t\t<a href='https:\/\/www.oroverde.com.ar\/web\/wp-content\/uploads\/2017\/12\/23800019_540678902965726_7126202692954744153_o.png'><img loading=\"lazy\" decoding=\"async\" width=\"300\" height=\"300\" src=\"https:\/\/www.oroverde.com.ar\/web\/wp-content\/uploads\/2017\/12\/23800019_540678902965726_7126202692954744153_o-300x300.png\" class=\"attachment-medium size-medium\" alt=\"\" srcset=\"https:\/\/www.oroverde.com.ar\/web\/wp-content\/uploads\/2017\/12\/23800019_540678902965726_7126202692954744153_o-300x300.png 300w, https:\/\/www.oroverde.com.ar\/web\/wp-content\/uploads\/2017\/12\/23800019_540678902965726_7126202692954744153_o-1024x1024.png 1024w, https:\/\/www.oroverde.com.ar\/web\/wp-content\/uploads\/2017\/12\/23800019_540678902965726_7126202692954744153_o-150x150.png 150w, https:\/\/www.oroverde.com.ar\/web\/wp-content\/uploads\/2017\/12\/23800019_540678902965726_7126202692954744153_o-768x768.png 768w, https:\/\/www.oroverde.com.ar\/web\/wp-content\/uploads\/2017\/12\/23800019_540678902965726_7126202692954744153_o-1536x1536.png 1536w, https:\/\/www.oroverde.com.ar\/web\/wp-content\/uploads\/2017\/12\/23800019_540678902965726_7126202692954744153_o-1226x1226.png 1226w, https:\/\/www.oroverde.com.ar\/web\/wp-content\/uploads\/2017\/12\/23800019_540678902965726_7126202692954744153_o-850x850.png 850w, https:\/\/www.oroverde.com.ar\/web\/wp-content\/uploads\/2017\/12\/23800019_540678902965726_7126202692954744153_o-100x100.png 100w, https:\/\/www.oroverde.com.ar\/web\/wp-content\/uploads\/2017\/12\/23800019_540678902965726_7126202692954744153_o.png 1710w\" sizes=\"(max-width: 300px) 100vw, 300px\" \/><\/a>\n\t\t\t<\/div><\/figure>\n\t\t<\/div>\n\n<p style=\"text-align: right;\"><a href=\"#arriba\">^Subir<\/a><\/p>\n<hr \/>\n<h1 id=\"contacto\">Contacto<\/h1>\n<p><strong>Domicilio<\/strong>: Juan B\u00e1ez 26 &#8211; Paran\u00e1 &#8211; Entre R\u00edos<\/p>\n<p><strong>\u00a0 <a href=\"http:\/\/www.oroverde.com.ar\/web\/wp-content\/uploads\/2017\/12\/telephone-304080_960_720.png\"><img loading=\"lazy\" decoding=\"async\" class=\"wp-image-4832 alignleft\" src=\"http:\/\/www.oroverde.com.ar\/web\/wp-content\/uploads\/2017\/12\/telephone-304080_960_720.png\" alt=\"\" width=\"50\" height=\"50\" srcset=\"https:\/\/www.oroverde.com.ar\/web\/wp-content\/uploads\/2017\/12\/telephone-304080_960_720.png 720w, https:\/\/www.oroverde.com.ar\/web\/wp-content\/uploads\/2017\/12\/telephone-304080_960_720-300x300.png 300w, https:\/\/www.oroverde.com.ar\/web\/wp-content\/uploads\/2017\/12\/telephone-304080_960_720-150x150.png 150w, https:\/\/www.oroverde.com.ar\/web\/wp-content\/uploads\/2017\/12\/telephone-304080_960_720-100x100.png 100w\" sizes=\"(max-width: 50px) 100vw, 50px\" \/><\/a>Tel\u00e9fono de contacto:<\/strong> 0343 4302288<\/p>\n<p>&nbsp;<\/p>\n<p><strong><img loading=\"lazy\" decoding=\"async\" class=\"wp-image-4830 alignleft\" src=\"http:\/\/www.oroverde.com.ar\/web\/wp-content\/uploads\/2017\/12\/whatsapp_logo-150x150.png\" alt=\"\" width=\"51\" height=\"51\" srcset=\"https:\/\/www.oroverde.com.ar\/web\/wp-content\/uploads\/2017\/12\/whatsapp_logo-150x150.png 150w, https:\/\/www.oroverde.com.ar\/web\/wp-content\/uploads\/2017\/12\/whatsapp_logo-300x300.png 300w, https:\/\/www.oroverde.com.ar\/web\/wp-content\/uploads\/2017\/12\/whatsapp_logo-1024x1024.png 1024w, https:\/\/www.oroverde.com.ar\/web\/wp-content\/uploads\/2017\/12\/whatsapp_logo-768x768.png 768w, https:\/\/www.oroverde.com.ar\/web\/wp-content\/uploads\/2017\/12\/whatsapp_logo-1536x1536.png 1536w, https:\/\/www.oroverde.com.ar\/web\/wp-content\/uploads\/2017\/12\/whatsapp_logo-2048x2048.png 2048w, https:\/\/www.oroverde.com.ar\/web\/wp-content\/uploads\/2017\/12\/whatsapp_logo-1226x1226.png 1226w, https:\/\/www.oroverde.com.ar\/web\/wp-content\/uploads\/2017\/12\/whatsapp_logo-850x850.png 850w, https:\/\/www.oroverde.com.ar\/web\/wp-content\/uploads\/2017\/12\/whatsapp_logo-100x100.png 100w\" sizes=\"(max-width: 51px) 100vw, 51px\" \/><\/strong><strong>Whatsapp<\/strong>: 343 466 9412<\/p>\n<p>&nbsp;<\/p>\n<p><strong><a href=\"http:\/\/www.oroverde.com.ar\/web\/wp-content\/uploads\/2017\/12\/email_14410.png\"><img loading=\"lazy\" decoding=\"async\" class=\"wp-image-4831 alignleft\" src=\"http:\/\/www.oroverde.com.ar\/web\/wp-content\/uploads\/2017\/12\/email_14410.png\" alt=\"\" width=\"50\" height=\"50\" srcset=\"https:\/\/www.oroverde.com.ar\/web\/wp-content\/uploads\/2017\/12\/email_14410.png 256w, https:\/\/www.oroverde.com.ar\/web\/wp-content\/uploads\/2017\/12\/email_14410-150x150.png 150w, https:\/\/www.oroverde.com.ar\/web\/wp-content\/uploads\/2017\/12\/email_14410-100x100.png 100w\" sizes=\"(max-width: 50px) 100vw, 50px\" \/><\/a>Correo electr\u00f3nico<\/strong>: aguadelvalle@hotmail.com.ar<\/p>\n<p>&nbsp;<\/p>\n<p><a href=\"http:\/\/www.oroverde.com.ar\/web\/wp-content\/uploads\/2017\/12\/icono-facebook.jpg\"><img loading=\"lazy\" decoding=\"async\" class=\"wp-image-4834 alignleft\" src=\"http:\/\/www.oroverde.com.ar\/web\/wp-content\/uploads\/2017\/12\/icono-facebook.jpg\" alt=\"\" width=\"50\" height=\"50\" srcset=\"https:\/\/www.oroverde.com.ar\/web\/wp-content\/uploads\/2017\/12\/icono-facebook.jpg 328w, https:\/\/www.oroverde.com.ar\/web\/wp-content\/uploads\/2017\/12\/icono-facebook-300x300.jpg 300w, https:\/\/www.oroverde.com.ar\/web\/wp-content\/uploads\/2017\/12\/icono-facebook-150x150.jpg 150w, https:\/\/www.oroverde.com.ar\/web\/wp-content\/uploads\/2017\/12\/icono-facebook-100x100.jpg 100w\" sizes=\"(max-width: 50px) 100vw, 50px\" \/><\/a><strong>Facebook<\/strong>: <a href=\"https:\/\/www.facebook.com\/pg\/aguadelvallepna\/\">Aguadelvalle Paran\u00e1<\/a><\/p>\n<p>&nbsp;<\/p>\n<p><strong><a href=\"http:\/\/www.oroverde.com.ar\/web\/wp-content\/uploads\/2017\/12\/instagram-nuevo-icono_1057-2227.jpg\"><img loading=\"lazy\" decoding=\"async\" class=\"wp-image-4833 alignleft\" src=\"http:\/\/www.oroverde.com.ar\/web\/wp-content\/uploads\/2017\/12\/instagram-nuevo-icono_1057-2227.jpg\" alt=\"\" width=\"51\" height=\"51\" srcset=\"https:\/\/www.oroverde.com.ar\/web\/wp-content\/uploads\/2017\/12\/instagram-nuevo-icono_1057-2227.jpg 338w, https:\/\/www.oroverde.com.ar\/web\/wp-content\/uploads\/2017\/12\/instagram-nuevo-icono_1057-2227-300x300.jpg 300w, https:\/\/www.oroverde.com.ar\/web\/wp-content\/uploads\/2017\/12\/instagram-nuevo-icono_1057-2227-150x150.jpg 150w, https:\/\/www.oroverde.com.ar\/web\/wp-content\/uploads\/2017\/12\/instagram-nuevo-icono_1057-2227-100x100.jpg 100w\" sizes=\"(max-width: 51px) 100vw, 51px\" \/><\/a>Instagram<\/strong>: AguadelvalleParan\u00e1<\/p>\n<p>&nbsp;<\/p>\n<p style=\"text-align: right;\"><a href=\"#arriba\">^Subir<\/a><\/p>\n","protected":false},"excerpt":{"rendered":"<p>Nuestros productos | Beneficios de beber agua | Zonas de reparto | Contacto Nuestros productos Del Valle Agua de mesa, le ofrece agua microfiltrada y esterilizada tanto para empresas como&#8230;<\/p>\n","protected":false},"author":1,"featured_media":0,"parent":0,"menu_order":0,"comment_status":"closed","ping_status":"closed","template":"template-full-width-page.php","meta":{"_eb_attr":"","footnotes":""},"class_list":["post-4807","page","type-page","status-publish","hentry"],"_links":{"self":[{"href":"https:\/\/www.oroverde.com.ar\/web\/wp-json\/wp\/v2\/pages\/4807","targetHints":{"allow":["GET"]}}],"collection":[{"href":"https:\/\/www.oroverde.com.ar\/web\/wp-json\/wp\/v2\/pages"}],"about":[{"href":"https:\/\/www.oroverde.com.ar\/web\/wp-json\/wp\/v2\/types\/page"}],"author":[{"embeddable":true,"href":"https:\/\/www.oroverde.com.ar\/web\/wp-json\/wp\/v2\/users\/1"}],"replies":[{"embeddable":true,"href":"https:\/\/www.oroverde.com.ar\/web\/wp-json\/wp\/v2\/comments?post=4807"}],"version-history":[{"count":7,"href":"https:\/\/www.oroverde.com.ar\/web\/wp-json\/wp\/v2\/pages\/4807\/revisions"}],"predecessor-version":[{"id":4841,"href":"https:\/\/www.oroverde.com.ar\/web\/wp-json\/wp\/v2\/pages\/4807\/revisions\/4841"}],"wp:attachment":[{"href":"https:\/\/www.oroverde.com.ar\/web\/wp-json\/wp\/v2\/media?parent=4807"}],"curies":[{"name":"wp","href":"https:\/\/api.w.org\/{rel}","templated":true}]}}