{"id":619743,"date":"2019-10-12T18:03:49","date_gmt":"2019-10-12T21:03:49","guid":{"rendered":"http:\/\/www.oroverde.com.ar\/web\/?page_id=619743"},"modified":"2021-11-29T23:28:24","modified_gmt":"2021-11-30T02:28:24","slug":"consultorios-los-sauces-2","status":"publish","type":"page","link":"https:\/\/www.oroverde.com.ar\/web\/consultorios-los-sauces-2\/","title":{"rendered":"Consultorios Los Sauces"},"content":{"rendered":"\t\t<div data-elementor-type=\"wp-post\" data-elementor-id=\"619743\" class=\"elementor elementor-619743\">\n\t\t\t\t\t\t<section class=\"elementor-section elementor-top-section elementor-element elementor-element-143dd46 elementor-section-boxed elementor-section-height-default elementor-section-height-default\" data-id=\"143dd46\" data-element_type=\"section\" data-settings=\"{&quot;background_background&quot;:&quot;classic&quot;}\">\n\t\t\t\t\t\t<div class=\"elementor-container elementor-column-gap-default\">\n\t\t\t\t\t<div class=\"elementor-column elementor-col-100 elementor-top-column elementor-element elementor-element-8e2b9b9\" data-id=\"8e2b9b9\" data-element_type=\"column\">\n\t\t\t<div class=\"elementor-widget-wrap elementor-element-populated\">\n\t\t\t\t\t\t<div class=\"elementor-element elementor-element-6a46554 elementor-widget-divider--view-line elementor-widget elementor-widget-divider\" data-id=\"6a46554\" data-element_type=\"widget\" data-widget_type=\"divider.default\">\n\t\t\t\t<div class=\"elementor-widget-container\">\n\t\t\t\t\t\t\t<div class=\"elementor-divider\">\n\t\t\t<span class=\"elementor-divider-separator\">\n\t\t\t\t\t\t<\/span>\n\t\t<\/div>\n\t\t\t\t\t\t<\/div>\n\t\t\t\t<\/div>\n\t\t\t\t<section class=\"elementor-section elementor-inner-section elementor-element elementor-element-6b7d4ff elementor-section-boxed elementor-section-height-default elementor-section-height-default\" data-id=\"6b7d4ff\" data-element_type=\"section\">\n\t\t\t\t\t\t<div class=\"elementor-container elementor-column-gap-default\">\n\t\t\t\t\t<div class=\"elementor-column elementor-col-50 elementor-inner-column elementor-element elementor-element-d42a2fb\" data-id=\"d42a2fb\" data-element_type=\"column\">\n\t\t\t<div class=\"elementor-widget-wrap elementor-element-populated\">\n\t\t\t\t\t\t<div class=\"elementor-element elementor-element-6c764b8 elementor-widget elementor-widget-image\" data-id=\"6c764b8\" data-element_type=\"widget\" data-widget_type=\"image.default\">\n\t\t\t\t<div class=\"elementor-widget-container\">\n\t\t\t\t\t\t\t\t\t\t\t\t\t\t\t<img fetchpriority=\"high\" decoding=\"async\" width=\"788\" height=\"788\" src=\"https:\/\/www.oroverde.com.ar\/web\/wp-content\/uploads\/2019\/10\/logo-1.jpg\" class=\"attachment-large size-large wp-image-619863\" alt=\"\" srcset=\"https:\/\/www.oroverde.com.ar\/web\/wp-content\/uploads\/2019\/10\/logo-1.jpg 788w, https:\/\/www.oroverde.com.ar\/web\/wp-content\/uploads\/2019\/10\/logo-1-300x300.jpg 300w, https:\/\/www.oroverde.com.ar\/web\/wp-content\/uploads\/2019\/10\/logo-1-100x100.jpg 100w, https:\/\/www.oroverde.com.ar\/web\/wp-content\/uploads\/2019\/10\/logo-1-600x600.jpg 600w, https:\/\/www.oroverde.com.ar\/web\/wp-content\/uploads\/2019\/10\/logo-1-150x150.jpg 150w, https:\/\/www.oroverde.com.ar\/web\/wp-content\/uploads\/2019\/10\/logo-1-768x768.jpg 768w\" sizes=\"(max-width: 788px) 100vw, 788px\" \/>\t\t\t\t\t\t\t\t\t\t\t\t\t\t\t<\/div>\n\t\t\t\t<\/div>\n\t\t\t\t\t<\/div>\n\t\t<\/div>\n\t\t\t\t<div class=\"elementor-column elementor-col-50 elementor-inner-column elementor-element elementor-element-613f47d\" data-id=\"613f47d\" data-element_type=\"column\">\n\t\t\t<div class=\"elementor-widget-wrap elementor-element-populated\">\n\t\t\t\t\t\t<div class=\"elementor-element elementor-element-88afc6f elementor-widget elementor-widget-heading\" data-id=\"88afc6f\" data-element_type=\"widget\" data-widget_type=\"heading.default\">\n\t\t\t\t<div class=\"elementor-widget-container\">\n\t\t\t\t\t<h2 class=\"elementor-heading-title elementor-size-default\">Consultorios Los Sauces<\/h2>\t\t\t\t<\/div>\n\t\t\t\t<\/div>\n\t\t\t\t<div class=\"elementor-element elementor-element-ec48c8a elementor-widget elementor-widget-text-editor\" data-id=\"ec48c8a\" data-element_type=\"widget\" data-widget_type=\"text-editor.default\">\n\t\t\t\t<div class=\"elementor-widget-container\">\n\t\t\t\t\t\t\t\t\t<p style=\"text-align: left;\">Para conocer el detalle de las especialidades y horarios, haga clic en las pesta\u00f1as debajo de esta secci\u00f3n.<\/p><p style=\"text-align: center;\"><strong>Dias de atenci\u00f3n\u00a0<\/strong><\/p><p style=\"text-align: center;\">Lunes a Viernes de 16:00 a 20:00 hs<\/p><p style=\"text-align: center;\"><strong>Recepci\u00f3n de turnos<\/strong><\/p><p style=\"text-align: center;\">Lunes a Viernes de 8:00 a 12:00hs<\/p><p style=\"text-align: center;\"><strong>Whatsapp:<\/strong> 343-4049655<\/p><p style=\"text-align: center;\"><strong>Tel\u00e9fono fijo:<\/strong> 4998071<\/p><p>Los Jilgueros 237, Dpto 1 &#8211; Oro Verde<\/p><p style=\"text-align: left;\">Obras sociales. Descuentos especiales para afiliados de PAMI<\/p>\t\t\t\t\t\t\t\t<\/div>\n\t\t\t\t<\/div>\n\t\t\t\t\t<\/div>\n\t\t<\/div>\n\t\t\t\t\t<\/div>\n\t\t<\/section>\n\t\t\t\t\t<\/div>\n\t\t<\/div>\n\t\t\t\t\t<\/div>\n\t\t<\/section>\n\t\t\t\t<section class=\"elementor-section elementor-top-section elementor-element elementor-element-2976c6e elementor-section-boxed elementor-section-height-default elementor-section-height-default\" data-id=\"2976c6e\" data-element_type=\"section\" data-settings=\"{&quot;background_background&quot;:&quot;classic&quot;}\">\n\t\t\t\t\t\t<div class=\"elementor-container elementor-column-gap-default\">\n\t\t\t\t\t<div class=\"elementor-column elementor-col-100 elementor-top-column elementor-element elementor-element-bba155a\" data-id=\"bba155a\" data-element_type=\"column\">\n\t\t\t<div class=\"elementor-widget-wrap elementor-element-populated\">\n\t\t\t\t\t\t<div class=\"elementor-element elementor-element-2084698 elementor-tabs-view-horizontal elementor-widget elementor-widget-tabs\" data-id=\"2084698\" data-element_type=\"widget\" data-widget_type=\"tabs.default\">\n\t\t\t\t<div class=\"elementor-widget-container\">\n\t\t\t\t\t\t\t<div class=\"elementor-tabs\">\n\t\t\t<div class=\"elementor-tabs-wrapper\" role=\"tablist\" >\n\t\t\t\t\t\t\t\t\t<div id=\"elementor-tab-title-3401\" class=\"elementor-tab-title elementor-tab-desktop-title\" aria-selected=\"true\" data-tab=\"1\" role=\"tab\" tabindex=\"0\" aria-controls=\"elementor-tab-content-3401\" aria-expanded=\"false\">Cardilolog\u00eda<\/div>\n\t\t\t\t\t\t\t\t\t<div id=\"elementor-tab-title-3402\" class=\"elementor-tab-title elementor-tab-desktop-title\" aria-selected=\"false\" data-tab=\"2\" role=\"tab\" tabindex=\"-1\" aria-controls=\"elementor-tab-content-3402\" aria-expanded=\"false\">Cl\u00ednica m\u00e9dica<\/div>\n\t\t\t\t\t\t\t\t\t<div id=\"elementor-tab-title-3403\" class=\"elementor-tab-title elementor-tab-desktop-title\" aria-selected=\"false\" data-tab=\"3\" role=\"tab\" tabindex=\"-1\" aria-controls=\"elementor-tab-content-3403\" aria-expanded=\"false\">Ginecolog\u00eda<\/div>\n\t\t\t\t\t\t\t\t\t<div id=\"elementor-tab-title-3404\" class=\"elementor-tab-title elementor-tab-desktop-title\" aria-selected=\"false\" data-tab=\"4\" role=\"tab\" tabindex=\"-1\" aria-controls=\"elementor-tab-content-3404\" aria-expanded=\"false\">Laboratorio bioqu\u00edmico<\/div>\n\t\t\t\t\t\t\t\t\t<div id=\"elementor-tab-title-3405\" class=\"elementor-tab-title elementor-tab-desktop-title\" aria-selected=\"false\" data-tab=\"5\" role=\"tab\" tabindex=\"-1\" aria-controls=\"elementor-tab-content-3405\" aria-expanded=\"false\">Nutrici\u00f3n<\/div>\n\t\t\t\t\t\t\t\t\t<div id=\"elementor-tab-title-3406\" class=\"elementor-tab-title elementor-tab-desktop-title\" aria-selected=\"false\" data-tab=\"6\" role=\"tab\" tabindex=\"-1\" aria-controls=\"elementor-tab-content-3406\" aria-expanded=\"false\">Psicolog\u00eda<\/div>\n\t\t\t\t\t\t\t\t\t<div id=\"elementor-tab-title-3407\" class=\"elementor-tab-title elementor-tab-desktop-title\" aria-selected=\"false\" data-tab=\"7\" role=\"tab\" tabindex=\"-1\" aria-controls=\"elementor-tab-content-3407\" aria-expanded=\"false\">Gastroenterolog\u00eda<\/div>\n\t\t\t\t\t\t\t<\/div>\n\t\t\t<div class=\"elementor-tabs-content-wrapper\" role=\"tablist\" aria-orientation=\"vertical\">\n\t\t\t\t\t\t\t\t\t<div class=\"elementor-tab-title elementor-tab-mobile-title\" aria-selected=\"true\" data-tab=\"1\" role=\"tab\" tabindex=\"0\" aria-controls=\"elementor-tab-content-3401\" aria-expanded=\"false\">Cardilolog\u00eda<\/div>\n\t\t\t\t\t<div id=\"elementor-tab-content-3401\" class=\"elementor-tab-content elementor-clearfix\" data-tab=\"1\" role=\"tabpanel\" aria-labelledby=\"elementor-tab-title-3401\" tabindex=\"0\" hidden=\"false\"><p><strong>Dr. Hern\u00e1ndez Francisco<\/strong><\/p><p><strong>Horario de atenci\u00f3n:<\/strong>\u00a0Lunes de 16:00 a 20:00 hs.<\/p><ul><li>ECG<\/li><li>Ergometr\u00eda<\/li><li>Holter<\/li><li>MAPA<\/li><li>Ecocardiograma<\/li><li>Pre-Quir\u00fargicos<\/li><li>Valoraci\u00f3n pre competitiva<\/li><\/ul><\/div>\n\t\t\t\t\t\t\t\t\t<div class=\"elementor-tab-title elementor-tab-mobile-title\" aria-selected=\"false\" data-tab=\"2\" role=\"tab\" tabindex=\"-1\" aria-controls=\"elementor-tab-content-3402\" aria-expanded=\"false\">Cl\u00ednica m\u00e9dica<\/div>\n\t\t\t\t\t<div id=\"elementor-tab-content-3402\" class=\"elementor-tab-content elementor-clearfix\" data-tab=\"2\" role=\"tabpanel\" aria-labelledby=\"elementor-tab-title-3402\" tabindex=\"0\" hidden=\"hidden\"><p><strong>Dra Cavenaghi Lorena<\/strong><\/p><p><strong>Horario de atenci\u00f3n: <\/strong>Martes de 16:00 a 20:00 hs.<\/p><ul><li>Medicina general<\/li><li>Adolescentes<\/li><li>Adultos<\/li><\/ul><\/div>\n\t\t\t\t\t\t\t\t\t<div class=\"elementor-tab-title elementor-tab-mobile-title\" aria-selected=\"false\" data-tab=\"3\" role=\"tab\" tabindex=\"-1\" aria-controls=\"elementor-tab-content-3403\" aria-expanded=\"false\">Ginecolog\u00eda<\/div>\n\t\t\t\t\t<div id=\"elementor-tab-content-3403\" class=\"elementor-tab-content elementor-clearfix\" data-tab=\"3\" role=\"tabpanel\" aria-labelledby=\"elementor-tab-title-3403\" tabindex=\"0\" hidden=\"hidden\"><p><strong>Dra. Moreyra Luisina<\/strong><\/p><p><strong>Horarios de atenci\u00f3n:<\/strong> Martes de 16:00 a 20:00 hs.<\/p><p><strong>TOCOGINECOLOG\u00cdA<\/strong><\/p><ul><li>Control de embarazo<\/li><li>Planificaci\u00f3n familiar<\/li><li>Control Ginecol\u00f3gico<\/li><\/ul><p>\u00a0<\/p><p>\u00a0<\/p><p>\u00a0<\/p><\/div>\n\t\t\t\t\t\t\t\t\t<div class=\"elementor-tab-title elementor-tab-mobile-title\" aria-selected=\"false\" data-tab=\"4\" role=\"tab\" tabindex=\"-1\" aria-controls=\"elementor-tab-content-3404\" aria-expanded=\"false\">Laboratorio bioqu\u00edmico<\/div>\n\t\t\t\t\t<div id=\"elementor-tab-content-3404\" class=\"elementor-tab-content elementor-clearfix\" data-tab=\"4\" role=\"tabpanel\" aria-labelledby=\"elementor-tab-title-3404\" tabindex=\"0\" hidden=\"hidden\"><p><strong>Dra. Graciani Gabriela<\/strong><\/p><p><strong>Horario de atenci\u00f3n:<\/strong> Martes y Jueves de 8:00 a 9:00 hs.<\/p><ul><li>An\u00e1lisis cl\u00ednicos<\/li><li>Urgencias<\/li><li>Domicilios<\/li><\/ul><p>\u00a0<\/p><p>\u00a0<\/p><p>\u00a0<\/p><p>\u00a0<\/p><\/div>\n\t\t\t\t\t\t\t\t\t<div class=\"elementor-tab-title elementor-tab-mobile-title\" aria-selected=\"false\" data-tab=\"5\" role=\"tab\" tabindex=\"-1\" aria-controls=\"elementor-tab-content-3405\" aria-expanded=\"false\">Nutrici\u00f3n<\/div>\n\t\t\t\t\t<div id=\"elementor-tab-content-3405\" class=\"elementor-tab-content elementor-clearfix\" data-tab=\"5\" role=\"tabpanel\" aria-labelledby=\"elementor-tab-title-3405\" tabindex=\"0\" hidden=\"hidden\"><p><strong>Lic. Iost Vanina<\/strong><\/p><p><strong>Horario de atenci\u00f3n:<\/strong> Viernes de 16:00 a 20:00 hs.<\/p><ul><li>Medici\u00f3n de la composici\u00f3n corporal<\/li><li>Plan nutricional<\/li><\/ul><p>\u00a0<\/p><p>\u00a0<\/p><p>\u00a0<\/p><p>\u00a0<\/p><p>\u00a0<\/p><\/div>\n\t\t\t\t\t\t\t\t\t<div class=\"elementor-tab-title elementor-tab-mobile-title\" aria-selected=\"false\" data-tab=\"6\" role=\"tab\" tabindex=\"-1\" aria-controls=\"elementor-tab-content-3406\" aria-expanded=\"false\">Psicolog\u00eda<\/div>\n\t\t\t\t\t<div id=\"elementor-tab-content-3406\" class=\"elementor-tab-content elementor-clearfix\" data-tab=\"6\" role=\"tabpanel\" aria-labelledby=\"elementor-tab-title-3406\" tabindex=\"0\" hidden=\"hidden\"><p><strong>Lic. Bovolini Eduardo<\/strong><\/p><p><strong>Horario de atenci\u00f3n:<\/strong> Mi\u00e9rcoles de 16:00 a 20:00<\/p><ul><li>Adolescentes y adultos<\/li><\/ul><p><strong style=\"font-size: 14px; color: var( --e-global-color-text );\">Lic. Venturi Gabriela<\/strong><\/p><p><span style=\"font-family: Roboto, sans-serif; font-size: 14px; font-style: normal; font-weight: bold;\">Horario de atenci\u00f3n:<\/span><span style=\"font-family: Roboto, sans-serif; font-size: 14px; font-style: normal; font-weight: 400;\">\u00a0Viernes de 16:00 a 20:00<\/span><strong><br \/><\/strong><\/p><ul><li><span style=\"font-family: Roboto, sans-serif; font-size: 14px; font-style: normal; font-weight: 400;\">Adolescentes y adultos<\/span><\/li><li><span style=\"font-family: Roboto, sans-serif; font-size: 14px; font-style: normal; font-weight: 400;\">Individual y parejas<\/span><\/li><li><span style=\"font-family: Roboto, sans-serif; font-size: 14px; font-style: normal; font-weight: 400;\">Orientaci\u00f3n Vocacional<\/span><\/li><\/ul><\/div>\n\t\t\t\t\t\t\t\t\t<div class=\"elementor-tab-title elementor-tab-mobile-title\" aria-selected=\"false\" data-tab=\"7\" role=\"tab\" tabindex=\"-1\" aria-controls=\"elementor-tab-content-3407\" aria-expanded=\"false\">Gastroenterolog\u00eda<\/div>\n\t\t\t\t\t<div id=\"elementor-tab-content-3407\" class=\"elementor-tab-content elementor-clearfix\" data-tab=\"7\" role=\"tabpanel\" aria-labelledby=\"elementor-tab-title-3407\" tabindex=\"0\" hidden=\"hidden\"><p><strong>Dra. Arribillaga Mar\u00eda Laura<br \/><\/strong><\/p><p><strong>Horario de atenci\u00f3n: <\/strong>Lunes de 16:00 a 20:00 hs.\u00a0<\/p><p>MP 9735<\/p><\/div>\n\t\t\t\t\t\t\t<\/div>\n\t\t<\/div>\n\t\t\t\t\t\t<\/div>\n\t\t\t\t<\/div>\n\t\t\t\t\t<\/div>\n\t\t<\/div>\n\t\t\t\t\t<\/div>\n\t\t<\/section>\n\t\t\t\t<section class=\"elementor-section elementor-top-section elementor-element elementor-element-d0d71c9 elementor-section-boxed elementor-section-height-default elementor-section-height-default\" data-id=\"d0d71c9\" data-element_type=\"section\" data-settings=\"{&quot;background_background&quot;:&quot;classic&quot;}\">\n\t\t\t\t\t\t<div class=\"elementor-container elementor-column-gap-default\">\n\t\t\t\t\t<div class=\"elementor-column elementor-col-100 elementor-top-column elementor-element elementor-element-184cc81\" data-id=\"184cc81\" data-element_type=\"column\">\n\t\t\t<div class=\"elementor-widget-wrap elementor-element-populated\">\n\t\t\t\t\t\t<div class=\"elementor-element elementor-element-1925847 gallery-spacing-custom elementor-widget elementor-widget-image-gallery\" data-id=\"1925847\" data-element_type=\"widget\" data-widget_type=\"image-gallery.default\">\n\t\t\t\t<div class=\"elementor-widget-container\">\n\t\t\t\t\t\t\t<div class=\"elementor-image-gallery\">\n\t\t\t<div id='gallery-1' class='gallery galleryid-619743 gallery-columns-4 gallery-size-thumbnail'><figure class='gallery-item'>\n\t\t\t<div class='gallery-icon landscape'>\n\t\t\t\t<a data-elementor-open-lightbox=\"no\" href='https:\/\/www.oroverde.com.ar\/web\/wp-content\/uploads\/2019\/10\/SalaDeEspera.jpg'><img decoding=\"async\" width=\"150\" height=\"150\" src=\"https:\/\/www.oroverde.com.ar\/web\/wp-content\/uploads\/2019\/10\/SalaDeEspera-150x150.jpg\" class=\"attachment-thumbnail size-thumbnail\" alt=\"\" srcset=\"https:\/\/www.oroverde.com.ar\/web\/wp-content\/uploads\/2019\/10\/SalaDeEspera-150x150.jpg 150w, https:\/\/www.oroverde.com.ar\/web\/wp-content\/uploads\/2019\/10\/SalaDeEspera-300x300.jpg 300w, https:\/\/www.oroverde.com.ar\/web\/wp-content\/uploads\/2019\/10\/SalaDeEspera-100x100.jpg 100w\" sizes=\"(max-width: 150px) 100vw, 150px\" \/><\/a>\n\t\t\t<\/div><\/figure><figure class='gallery-item'>\n\t\t\t<div class='gallery-icon landscape'>\n\t\t\t\t<a data-elementor-open-lightbox=\"no\" href='https:\/\/www.oroverde.com.ar\/web\/wp-content\/uploads\/2019\/10\/Sala_de_espera_2.jpg'><img decoding=\"async\" width=\"150\" height=\"150\" src=\"https:\/\/www.oroverde.com.ar\/web\/wp-content\/uploads\/2019\/10\/Sala_de_espera_2-150x150.jpg\" class=\"attachment-thumbnail size-thumbnail\" alt=\"\" srcset=\"https:\/\/www.oroverde.com.ar\/web\/wp-content\/uploads\/2019\/10\/Sala_de_espera_2-150x150.jpg 150w, https:\/\/www.oroverde.com.ar\/web\/wp-content\/uploads\/2019\/10\/Sala_de_espera_2-300x300.jpg 300w, https:\/\/www.oroverde.com.ar\/web\/wp-content\/uploads\/2019\/10\/Sala_de_espera_2-100x100.jpg 100w\" sizes=\"(max-width: 150px) 100vw, 150px\" \/><\/a>\n\t\t\t<\/div><\/figure><figure class='gallery-item'>\n\t\t\t<div class='gallery-icon landscape'>\n\t\t\t\t<a data-elementor-open-lightbox=\"no\" href='https:\/\/www.oroverde.com.ar\/web\/wp-content\/uploads\/2019\/10\/Recepcion.jpeg'><img loading=\"lazy\" decoding=\"async\" width=\"150\" height=\"150\" src=\"https:\/\/www.oroverde.com.ar\/web\/wp-content\/uploads\/2019\/10\/Recepcion-150x150.jpeg\" class=\"attachment-thumbnail size-thumbnail\" alt=\"\" srcset=\"https:\/\/www.oroverde.com.ar\/web\/wp-content\/uploads\/2019\/10\/Recepcion-150x150.jpeg 150w, https:\/\/www.oroverde.com.ar\/web\/wp-content\/uploads\/2019\/10\/Recepcion-300x300.jpeg 300w, https:\/\/www.oroverde.com.ar\/web\/wp-content\/uploads\/2019\/10\/Recepcion-100x100.jpeg 100w\" sizes=\"(max-width: 150px) 100vw, 150px\" \/><\/a>\n\t\t\t<\/div><\/figure><figure class='gallery-item'>\n\t\t\t<div class='gallery-icon landscape'>\n\t\t\t\t<a data-elementor-open-lightbox=\"no\" href='https:\/\/www.oroverde.com.ar\/web\/wp-content\/uploads\/2019\/10\/Consultorio3.jpg'><img loading=\"lazy\" decoding=\"async\" width=\"150\" height=\"150\" src=\"https:\/\/www.oroverde.com.ar\/web\/wp-content\/uploads\/2019\/10\/Consultorio3-150x150.jpg\" class=\"attachment-thumbnail size-thumbnail\" alt=\"\" srcset=\"https:\/\/www.oroverde.com.ar\/web\/wp-content\/uploads\/2019\/10\/Consultorio3-150x150.jpg 150w, https:\/\/www.oroverde.com.ar\/web\/wp-content\/uploads\/2019\/10\/Consultorio3-300x300.jpg 300w, https:\/\/www.oroverde.com.ar\/web\/wp-content\/uploads\/2019\/10\/Consultorio3-100x100.jpg 100w\" sizes=\"(max-width: 150px) 100vw, 150px\" \/><\/a>\n\t\t\t<\/div><\/figure><figure class='gallery-item'>\n\t\t\t<div class='gallery-icon landscape'>\n\t\t\t\t<a data-elementor-open-lightbox=\"no\" href='https:\/\/www.oroverde.com.ar\/web\/wp-content\/uploads\/2019\/10\/Consultorio2.jpg'><img loading=\"lazy\" decoding=\"async\" width=\"150\" height=\"150\" src=\"https:\/\/www.oroverde.com.ar\/web\/wp-content\/uploads\/2019\/10\/Consultorio2-150x150.jpg\" class=\"attachment-thumbnail size-thumbnail\" alt=\"\" srcset=\"https:\/\/www.oroverde.com.ar\/web\/wp-content\/uploads\/2019\/10\/Consultorio2-150x150.jpg 150w, https:\/\/www.oroverde.com.ar\/web\/wp-content\/uploads\/2019\/10\/Consultorio2-300x300.jpg 300w, https:\/\/www.oroverde.com.ar\/web\/wp-content\/uploads\/2019\/10\/Consultorio2-100x100.jpg 100w\" sizes=\"(max-width: 150px) 100vw, 150px\" \/><\/a>\n\t\t\t<\/div><\/figure><figure class='gallery-item'>\n\t\t\t<div class='gallery-icon landscape'>\n\t\t\t\t<a data-elementor-open-lightbox=\"no\" href='https:\/\/www.oroverde.com.ar\/web\/wp-content\/uploads\/2019\/10\/Consultorio1.jpg'><img loading=\"lazy\" decoding=\"async\" width=\"150\" height=\"150\" src=\"https:\/\/www.oroverde.com.ar\/web\/wp-content\/uploads\/2019\/10\/Consultorio1-150x150.jpg\" class=\"attachment-thumbnail size-thumbnail\" alt=\"\" srcset=\"https:\/\/www.oroverde.com.ar\/web\/wp-content\/uploads\/2019\/10\/Consultorio1-150x150.jpg 150w, https:\/\/www.oroverde.com.ar\/web\/wp-content\/uploads\/2019\/10\/Consultorio1-300x300.jpg 300w, https:\/\/www.oroverde.com.ar\/web\/wp-content\/uploads\/2019\/10\/Consultorio1-100x100.jpg 100w\" sizes=\"(max-width: 150px) 100vw, 150px\" \/><\/a>\n\t\t\t<\/div><\/figure><figure class='gallery-item'>\n\t\t\t<div class='gallery-icon landscape'>\n\t\t\t\t<a data-elementor-open-lightbox=\"no\" href='https:\/\/www.oroverde.com.ar\/web\/wp-content\/uploads\/2019\/10\/Cardiologia.jpeg'><img loading=\"lazy\" decoding=\"async\" width=\"150\" height=\"150\" src=\"https:\/\/www.oroverde.com.ar\/web\/wp-content\/uploads\/2019\/10\/Cardiologia-150x150.jpeg\" class=\"attachment-thumbnail size-thumbnail\" alt=\"\" srcset=\"https:\/\/www.oroverde.com.ar\/web\/wp-content\/uploads\/2019\/10\/Cardiologia-150x150.jpeg 150w, https:\/\/www.oroverde.com.ar\/web\/wp-content\/uploads\/2019\/10\/Cardiologia-300x300.jpeg 300w, https:\/\/www.oroverde.com.ar\/web\/wp-content\/uploads\/2019\/10\/Cardiologia-100x100.jpeg 100w\" sizes=\"(max-width: 150px) 100vw, 150px\" \/><\/a>\n\t\t\t<\/div><\/figure><figure class='gallery-item'>\n\t\t\t<div class='gallery-icon landscape'>\n\t\t\t\t<a data-elementor-open-lightbox=\"no\" href='https:\/\/www.oroverde.com.ar\/web\/wp-content\/uploads\/2019\/10\/Cardiologia2-1.jpeg'><img loading=\"lazy\" decoding=\"async\" width=\"150\" height=\"150\" src=\"https:\/\/www.oroverde.com.ar\/web\/wp-content\/uploads\/2019\/10\/Cardiologia2-1-150x150.jpeg\" class=\"attachment-thumbnail size-thumbnail\" alt=\"\" srcset=\"https:\/\/www.oroverde.com.ar\/web\/wp-content\/uploads\/2019\/10\/Cardiologia2-1-150x150.jpeg 150w, https:\/\/www.oroverde.com.ar\/web\/wp-content\/uploads\/2019\/10\/Cardiologia2-1-300x300.jpeg 300w, https:\/\/www.oroverde.com.ar\/web\/wp-content\/uploads\/2019\/10\/Cardiologia2-1-100x100.jpeg 100w\" sizes=\"(max-width: 150px) 100vw, 150px\" \/><\/a>\n\t\t\t<\/div><\/figure>\n\t\t<\/div>\n\t\t<\/div>\n\t\t\t\t\t\t<\/div>\n\t\t\t\t<\/div>\n\t\t\t\t\t<\/div>\n\t\t<\/div>\n\t\t\t\t\t<\/div>\n\t\t<\/section>\n\t\t\t\t<\/div>\n\t\t","protected":false},"excerpt":{"rendered":"<p>Consultorios Los Sauces Para conocer el detalle de las especialidades y horarios, haga clic en las pesta\u00f1as debajo de esta secci\u00f3n. Dias de atenci\u00f3n\u00a0 Lunes a Viernes de 16:00 a&#8230;<\/p>\n","protected":false},"author":1,"featured_media":619769,"parent":0,"menu_order":0,"comment_status":"closed","ping_status":"closed","template":"elementor_header_footer","meta":{"_eb_attr":"","footnotes":""},"class_list":["post-619743","page","type-page","status-publish","has-post-thumbnail","hentry"],"_links":{"self":[{"href":"https:\/\/www.oroverde.com.ar\/web\/wp-json\/wp\/v2\/pages\/619743","targetHints":{"allow":["GET"]}}],"collection":[{"href":"https:\/\/www.oroverde.com.ar\/web\/wp-json\/wp\/v2\/pages"}],"about":[{"href":"https:\/\/www.oroverde.com.ar\/web\/wp-json\/wp\/v2\/types\/page"}],"author":[{"embeddable":true,"href":"https:\/\/www.oroverde.com.ar\/web\/wp-json\/wp\/v2\/users\/1"}],"replies":[{"embeddable":true,"href":"https:\/\/www.oroverde.com.ar\/web\/wp-json\/wp\/v2\/comments?post=619743"}],"version-history":[{"count":65,"href":"https:\/\/www.oroverde.com.ar\/web\/wp-json\/wp\/v2\/pages\/619743\/revisions"}],"predecessor-version":[{"id":624471,"href":"https:\/\/www.oroverde.com.ar\/web\/wp-json\/wp\/v2\/pages\/619743\/revisions\/624471"}],"wp:featuredmedia":[{"embeddable":true,"href":"https:\/\/www.oroverde.com.ar\/web\/wp-json\/wp\/v2\/media\/619769"}],"wp:attachment":[{"href":"https:\/\/www.oroverde.com.ar\/web\/wp-json\/wp\/v2\/media?parent=619743"}],"curies":[{"name":"wp","href":"https:\/\/api.w.org\/{rel}","templated":true}]}}