{"id":86,"date":"2014-11-30T13:42:40","date_gmt":"2014-11-30T13:42:40","guid":{"rendered":"http:\/\/overde.com.ar\/web\/?page_id=86"},"modified":"2019-02-19T08:39:22","modified_gmt":"2019-02-19T11:39:22","slug":"observatorio-oro-verde","status":"publish","type":"page","link":"https:\/\/www.oroverde.com.ar\/web\/observatorio-oro-verde\/","title":{"rendered":"Observatorio Oro Verde"},"content":{"rendered":"<header class=\"entry-header\">\n<p class=\"entry-title\"><strong>El observatorio<\/strong><\/p>\n<\/header>\n<div class=\"entry-summary\">\n<p align=\"justify\"><img fetchpriority=\"high\" decoding=\"async\" class=\"alignright\" src=\"http:\/\/www.astroentrerios.com.ar\/images\/cupula.jpg\" alt=\"\" width=\"400\" height=\"165\" align=\"right\" border=\"0\" \/>El Observatorio Astron\u00f3mico se fund\u00f3 el 24 de septiembre de 1986, siendo administrado por la Asociaci\u00f3n Entrerriana de Astronom\u00eda.<\/p>\n<p align=\"justify\">Se ubica en el predio cedido por el Gobierno de Entre R\u00edos en el complejo Agrot\u00e9cnico de la Escuela Alberdi.<\/p>\n<p><a href=\"http:\/\/astroentrerios.com.ar\/web\/wp-content\/uploads\/2014\/02\/Selecci%C3%B3n_106.png\" data-slb-group=\"5022\" data-slb-active=\"1\" data-slb-internal=\"0\"><img decoding=\"async\" class=\"alignleft wp-image-5372 size-medium\" src=\"http:\/\/astroentrerios.com.ar\/web\/wp-content\/uploads\/2014\/02\/Selecci%C3%B3n_106-300x300.png\" alt=\"Museo de la AEA\" width=\"300\" height=\"300\" \/><\/a><\/p>\n<p align=\"justify\">El observatorio recibe numerosas delegaciones escolares, estudiantes y p\u00fablico en general, quienes realizan observaciones telesc\u00f3picas de planetas, c\u00famulos estelares, galaxias, nebulosas y cometas; asisten a charlas guiadas donde se muestran fotograf\u00edas, meteoritos, adem\u00e1s de mostrar y asesorar sobre el uso de distintos software que recrean las maravillas de los cielos.<\/p>\n<p align=\"justify\">Desde los distintos departamentos que conforman la Asociaci\u00f3n Entrerriana de Astronom\u00eda, se realizan actividades de investigaci\u00f3n con aportes significativos a la Ciencia y la Tecnolog\u00eda universal. Es as\u00ed que se han publicado diferentes trabajos cient\u00edficos relacionados con meteoritos, en especial con la ca\u00edda, rastreo, recuperaci\u00f3n y an\u00e1lisis del Meteorito Berduc 2008 (<a href=\"http:\/\/astroentrerios.com.ar\/web\/category\/departamentos\/bolidosymeteoritos\/\" target=\"_blank\" rel=\"noopener\">Departamento de B\u00f3lidos y Meteoritos<\/a>). El <a href=\"http:\/\/astroentrerios.com.ar\/web\/category\/departamentos\/astrofotografia\/\" target=\"_blank\" rel=\"noopener\">Departamento de Astrofotograf\u00eda<\/a> trabaja sobre la depuraci\u00f3n y mejora de m\u00e9todos fotogr\u00e1ficos y tratamiento de im\u00e1genes obtenidas desde el observatorio. El <a href=\"http:\/\/www.cometasentrerios.blogspot.com.ar\/\" target=\"_blank\" rel=\"noopener\">Departamento de Cometolog\u00eda<\/a> realiza el seguimiento de cometas y mapeo para el hemisferio sur. El Departamento de Astron\u00e1utica trabaja en el seguimiento y fotografiado de sat\u00e9lites (destac\u00e1ndose la <a href=\"http:\/\/astroentrerios.com.ar\/web\/a-la-caza-del-arsat-1\/\" target=\"_blank\" rel=\"noopener\">primera fotograf\u00eda del sat\u00e9lite argentino ARSAT 1 en \u00f3rbita geoestacionaria<\/a>) y en la difusi\u00f3n de actividades relacionadas, a trav\u00e9s de la publicaci\u00f3n \u00ab<a href=\"http:\/\/capsula-espacial.wix.com\/capsula\" target=\"_blank\" rel=\"noopener\">C\u00e1psula Espacial<\/a>\u00ab. El Departamento de Astrometr\u00eda y Fotometr\u00eda analiza informaci\u00f3n capturada a trav\u00e9s de c\u00e1mara CCD. El <a href=\"http:\/\/astroentrerios.com.ar\/web\/category\/departamentos\/educacion\/\" target=\"_blank\" rel=\"noopener\">Departamento de Educaci\u00f3n<\/a>, depura t\u00e9cnicas pedag\u00f3gicas para la difusi\u00f3n de la disciplina y las vuelca en los diferentes visitantes que asisten a diario. Los miembros de la Asociaci\u00f3n se capacitan permanentemente a trav\u00e9s de la visita de expertos en diferentes \u00e1reas de conocimiento relacionadas.<\/p>\n<p align=\"justify\">El espectro de actividades cient\u00edficas barrido por los diferentes departamentos que conforman la Asociaci\u00f3n Entrerriana de Astronom\u00eda, como se vislumbra en el p\u00e1rrafo anterior, es amplio, rico y variado, conformando un n\u00facleo de conocimiento que posiciona a Oro Verde entre los m\u00e1s importante centros de desarrollo cient\u00edfico en astronom\u00eda del pa\u00eds y Latinoam\u00e9rica.<\/p>\n<\/div>\n<h1 align=\"justify\">Horarios de atenci\u00f3n al p\u00fablico<\/h1>\n<p align=\"justify\">Solamente abre al p\u00fablico los d\u00edas s\u00e1bados. Recomiendan ser puntuales para aprovechar las 2 horas de visita, que incluye la visita guiada.<\/p>\n<ul>\n<li>En Verano: de 21:00 a 23:00<\/li>\n<li>En Oto\u00f1o o primavera: de 20:00 hs a 22:00 hs<\/li>\n<li>En Invierno: de 19:00 a 21:00 hs.<\/li>\n<\/ul>\n<h1>Costo<\/h1>\n<p>La Asociaci\u00f3n Entrerriana de Astronom\u00eda solicita una colaboraci\u00f3n a la entrada, que se utiliza para mantenimiento del predio y del equipamiento.<\/p>\n<p>El costo de la misma,\u00a0 a febrero de 2019 es de $80.<\/p>\n<h1>\u00bfC\u00f3mo llegar?<\/h1>\n<p><iframe src=\"https:\/\/www.google.com\/maps\/d\/embed?mid=1KR1eoM4WzzZ-URjz-i0VxqbbdIFRd0ng\" width=\"640\" height=\"480\"><\/iframe><\/p>\n<h1 align=\"justify\">Datos de contacto<\/h1>\n<p align=\"justify\">Las escuelas pueden solicitar turno para visitas guiadas al tel\u00e9fono +54 343 154173869 o por correo electr\u00f3nico a observatorioaea@hotmail.com<\/p>\n<div class=\"entry-summary\">\n<p style=\"text-align: center;\" align=\"justify\"><a title=\"Sitio web de la Asociaci\u00f3n Entrerriana de Astronom\u00eda\" href=\"http:\/\/www.astroentrerios.com.ar\" target=\"_blank\" rel=\"noopener\">MAS INFORMACI\u00d3N EN www.astroentrerios.com.ar<\/a><\/p>\n<\/div>\n","protected":false},"excerpt":{"rendered":"<p>El observatorio El Observatorio Astron\u00f3mico se fund\u00f3 el 24 de septiembre de 1986, siendo administrado por la Asociaci\u00f3n Entrerriana de Astronom\u00eda. Se ubica en el predio cedido por el Gobierno&#8230;<\/p>\n","protected":false},"author":1,"featured_media":0,"parent":0,"menu_order":0,"comment_status":"open","ping_status":"closed","template":"","meta":{"_eb_attr":"","footnotes":""},"class_list":["post-86","page","type-page","status-publish","hentry"],"_links":{"self":[{"href":"https:\/\/www.oroverde.com.ar\/web\/wp-json\/wp\/v2\/pages\/86","targetHints":{"allow":["GET"]}}],"collection":[{"href":"https:\/\/www.oroverde.com.ar\/web\/wp-json\/wp\/v2\/pages"}],"about":[{"href":"https:\/\/www.oroverde.com.ar\/web\/wp-json\/wp\/v2\/types\/page"}],"author":[{"embeddable":true,"href":"https:\/\/www.oroverde.com.ar\/web\/wp-json\/wp\/v2\/users\/1"}],"replies":[{"embeddable":true,"href":"https:\/\/www.oroverde.com.ar\/web\/wp-json\/wp\/v2\/comments?post=86"}],"version-history":[{"count":9,"href":"https:\/\/www.oroverde.com.ar\/web\/wp-json\/wp\/v2\/pages\/86\/revisions"}],"predecessor-version":[{"id":486046,"href":"https:\/\/www.oroverde.com.ar\/web\/wp-json\/wp\/v2\/pages\/86\/revisions\/486046"}],"wp:attachment":[{"href":"https:\/\/www.oroverde.com.ar\/web\/wp-json\/wp\/v2\/media?parent=86"}],"curies":[{"name":"wp","href":"https:\/\/api.w.org\/{rel}","templated":true}]}}